{"id":442,"date":"2020-02-20T00:57:22","date_gmt":"2020-02-19T23:57:22","guid":{"rendered":"https:\/\/www.qualidanse.fr\/magasin-paris\/?page_id=442"},"modified":"2020-12-16T00:21:10","modified_gmt":"2020-12-15T23:21:10","slug":"diamant","status":"publish","type":"page","link":"https:\/\/www.qualidanse.fr\/magasin-paris\/marques\/diamant\/","title":{"rendered":"Diamant"},"content":{"rendered":"<p><strong>Depuis 1873, la maison Diamant imagine et fabrique des chaussures de danse<\/strong>. Soci\u00e9t\u00e9 familiale, chez Diamant, le savoir-faire de l&rsquo;entreprise se transmet de p\u00e8re en fils. L&rsquo;entreprise est situ\u00e9e en Allemagne \u00e0 Bad Soden depuis toujours, o\u00f9 sont produites les chaussures de la marque, et est \u00e0 ce jour g\u00e9r\u00e9e par la 4e et la 5e g\u00e9n\u00e9ration de la famille M\u00fbller..<\/p>\n<p><strong>Traditionnellement d\u00e9di\u00e9es aux danses sociales<\/strong>, la gamme des chaussures de danse Diamant s&rsquo;\u00e9tend \u00e9galement aux chaussures de danses sportives, latines et standard, mais aussi au tango, la salsa et bien d&rsquo;autres danses.<\/p>\n<p>Lorsque l&rsquo;on danse, les pieds sont soumis \u00e0 des pressions continues. Pour pallier \u00e0 cela, Diamant imagine et cr\u00e9e <strong>une large gamme de chaussures de danse, aux formes vari\u00e9es et disponibles dans diff\u00e9rentes largeurs<\/strong>. En outre il est n\u00e9cessaire de choisir parmi les diff\u00e9rents talons et mat\u00e9riaux propos\u00e9s ceux qui conviendront le mieux \u00e0 votre pied afin de garantir un confort optimal.<\/p>\n<p>Pour les lignes femme, notre recommandation va bien s\u00fbr au talon flare, aussi appel\u00e9 talon bobine, garantissant une plus grande stabilit\u00e9 et un meilleur pos\u00e9 du pied, disponibles dans 3 diff\u00e9rentes hauteurs.<\/p>\n\n\t\t<style type=\"text\/css\">\n\t\t\t#gallery-1 {\n\t\t\t\tmargin: auto;\n\t\t\t}\n\t\t\t#gallery-1 .gallery-item {\n\t\t\t\tfloat: left;\n\t\t\t\tmargin-top: 10px;\n\t\t\t\ttext-align: center;\n\t\t\t\twidth: 50%;\n\t\t\t}\n\t\t\t#gallery-1 img {\n\t\t\t\tborder: 2px solid #cfcfcf;\n\t\t\t}\n\t\t\t#gallery-1 .gallery-caption {\n\t\t\t\tmargin-left: 0;\n\t\t\t}\n\t\t\t\/* see gallery_shortcode() in wp-includes\/media.php *\/\n\t\t<\/style>\n\t\t<div id='gallery-1' class='gallery galleryid-442 gallery-columns-2 gallery-size-full'><dl class='gallery-item'>\n\t\t\t<dt class='gallery-icon landscape'>\n\t\t\t\t<img loading=\"lazy\" decoding=\"async\" width=\"1659\" height=\"1006\" src=\"https:\/\/www.qualidanse.fr\/wp-inside\/uploads\/sites\/18\/2020\/02\/diamant-flashdance-paris-chaussures.jpg\" class=\"attachment-full size-full\" alt=\"\" srcset=\"https:\/\/www.qualidanse.fr\/wp-inside\/uploads\/sites\/18\/2020\/02\/diamant-flashdance-paris-chaussures.jpg 1659w, https:\/\/www.qualidanse.fr\/wp-inside\/uploads\/sites\/18\/2020\/02\/diamant-flashdance-paris-chaussures-300x182.jpg 300w, https:\/\/www.qualidanse.fr\/wp-inside\/uploads\/sites\/18\/2020\/02\/diamant-flashdance-paris-chaussures-1024x621.jpg 1024w, https:\/\/www.qualidanse.fr\/wp-inside\/uploads\/sites\/18\/2020\/02\/diamant-flashdance-paris-chaussures-768x466.jpg 768w, https:\/\/www.qualidanse.fr\/wp-inside\/uploads\/sites\/18\/2020\/02\/diamant-flashdance-paris-chaussures-1536x931.jpg 1536w, https:\/\/www.qualidanse.fr\/wp-inside\/uploads\/sites\/18\/2020\/02\/diamant-flashdance-paris-chaussures-181x110.jpg 181w, https:\/\/www.qualidanse.fr\/wp-inside\/uploads\/sites\/18\/2020\/02\/diamant-flashdance-paris-chaussures-363x220.jpg 363w, https:\/\/www.qualidanse.fr\/wp-inside\/uploads\/sites\/18\/2020\/02\/diamant-flashdance-paris-chaussures-165x100.jpg 165w, https:\/\/www.qualidanse.fr\/wp-inside\/uploads\/sites\/18\/2020\/02\/diamant-flashdance-paris-chaussures-330x200.jpg 330w, https:\/\/www.qualidanse.fr\/wp-inside\/uploads\/sites\/18\/2020\/02\/diamant-flashdance-paris-chaussures-200x121.jpg 200w, https:\/\/www.qualidanse.fr\/wp-inside\/uploads\/sites\/18\/2020\/02\/diamant-flashdance-paris-chaussures-230x139.jpg 230w\" sizes=\"auto, (max-width: 1659px) 100vw, 1659px\" \/>\n\t\t\t<\/dt><\/dl><dl class='gallery-item'>\n\t\t\t<dt class='gallery-icon landscape'>\n\t\t\t\t<img loading=\"lazy\" decoding=\"async\" width=\"464\" height=\"256\" src=\"https:\/\/www.qualidanse.fr\/wp-inside\/uploads\/sites\/18\/2020\/02\/tanzschuhe-salsa.jpg\" class=\"attachment-full size-full\" alt=\"\" srcset=\"https:\/\/www.qualidanse.fr\/wp-inside\/uploads\/sites\/18\/2020\/02\/tanzschuhe-salsa.jpg 464w, https:\/\/www.qualidanse.fr\/wp-inside\/uploads\/sites\/18\/2020\/02\/tanzschuhe-salsa-300x166.jpg 300w, https:\/\/www.qualidanse.fr\/wp-inside\/uploads\/sites\/18\/2020\/02\/tanzschuhe-salsa-199x110.jpg 199w, https:\/\/www.qualidanse.fr\/wp-inside\/uploads\/sites\/18\/2020\/02\/tanzschuhe-salsa-399x220.jpg 399w, https:\/\/www.qualidanse.fr\/wp-inside\/uploads\/sites\/18\/2020\/02\/tanzschuhe-salsa-181x100.jpg 181w, https:\/\/www.qualidanse.fr\/wp-inside\/uploads\/sites\/18\/2020\/02\/tanzschuhe-salsa-330x182.jpg 330w, https:\/\/www.qualidanse.fr\/wp-inside\/uploads\/sites\/18\/2020\/02\/tanzschuhe-salsa-200x110.jpg 200w, https:\/\/www.qualidanse.fr\/wp-inside\/uploads\/sites\/18\/2020\/02\/tanzschuhe-salsa-230x127.jpg 230w\" sizes=\"auto, (max-width: 464px) 100vw, 464px\" \/>\n\t\t\t<\/dt><\/dl><br style=\"clear: both\" \/>\n\t\t<\/div>\n\n<p>&nbsp;<\/p>\n<p>Chez FlashDance, retrouvez une ligne de chaussures femme, \u00e0 bouts ouverts ou ferm\u00e9s, mais surtout, notre coup de c\u0153ur, les chaussures hommes de chez Diamant.<\/p>\n<p>Robustes et proposant un excellent rapport qualit\u00e9-prix, les chaussures hommes de chez Diamant sont pl\u00e9biscit\u00e9es par les messieurs pour <strong>leur largeur, permettant un confort optimal, mais aussi leur durabilit\u00e9 dans le temps<\/strong>. Nous avons choisi parmi les mod\u00e8les disponibles au catalogue de la marque, ceux apportant une r\u00e9elle identit\u00e9, soit par leur confort soit par leur design. Faciles \u00e0 assortir, nos mod\u00e8les sont \u00e9l\u00e9gants, du plus simple au plus travaill\u00e9.<\/p>\n<p>Toutes les chaussures de danse Diamant sont livr\u00e9es en semelle suede, afin de garantir une souplesse et un gliss\u00e9 in\u00e9galable dans votre danse, et ce sans risque de d\u00e9rapage.<\/p>\n<p><img decoding=\"async\" src=\"https:\/\/www.qualidanse.fr\/wp-inside\/uploads\/sites\/18\/2020\/02\/diamant-paris-flashdance.jpg\" class=\"alignnone size-full\" \/><\/p>\n","protected":false},"excerpt":{"rendered":"<p>Depuis 1873, la maison Diamant imagine et fabrique des chaussures de danse. Soci\u00e9t\u00e9 familiale, chez Diamant, le savoir-faire de l&rsquo;entreprise se transmet de p\u00e8re en fils. L&rsquo;entreprise est situ\u00e9e en [&hellip;]<\/p>\n","protected":false},"author":14,"featured_media":0,"parent":13,"menu_order":0,"comment_status":"closed","ping_status":"closed","template":"template-page-marque.php","meta":{"_acf_changed":false,"footnotes":""},"class_list":["post-442","page","type-page","status-publish","hentry","wp-sticky"],"acf":[],"yoast_head":"<!-- This site is optimized with the Yoast SEO plugin v27.4 - https:\/\/yoast.com\/product\/yoast-seo-wordpress\/ -->\n<title>Diamant - magasin Flashdance, distributeur exclusif \u00e0 Paris<\/title>\n<meta name=\"description\" content=\"Retrouvez les chaussures de danse Diamant en exclusivit\u00e9 \u00e0 Paris chez Flashdance. Chaussures des danse hommes et femmes.\" \/>\n<meta name=\"robots\" content=\"index, follow, max-snippet:-1, max-image-preview:large, max-video-preview:-1\" \/>\n<link rel=\"canonical\" href=\"https:\/\/www.qualidanse.fr\/magasin-paris\/marques\/diamant\/\" \/>\n<meta property=\"og:locale\" content=\"fr_FR\" \/>\n<meta property=\"og:type\" content=\"article\" \/>\n<meta property=\"og:title\" content=\"Diamant - magasin Flashdance, distributeur exclusif \u00e0 Paris\" \/>\n<meta property=\"og:description\" content=\"Retrouvez les chaussures de danse Diamant en exclusivit\u00e9 \u00e0 Paris chez Flashdance. Chaussures des danse hommes et femmes.\" \/>\n<meta property=\"og:url\" content=\"https:\/\/www.qualidanse.fr\/magasin-paris\/marques\/diamant\/\" \/>\n<meta property=\"og:site_name\" content=\"Flashdance\" \/>\n<meta property=\"article:modified_time\" content=\"2020-12-15T23:21:10+00:00\" \/>\n<meta property=\"og:image\" content=\"https:\/\/www.qualidanse.fr\/wp-inside\/uploads\/sites\/18\/2020\/02\/diamant-flashdance-paris-chaussures.jpg\" \/>\n<meta name=\"twitter:card\" content=\"summary_large_image\" \/>\n<meta name=\"twitter:label1\" content=\"Dur\u00e9e de lecture estim\u00e9e\" \/>\n\t<meta name=\"twitter:data1\" content=\"2 minutes\" \/>\n<script type=\"application\/ld+json\" class=\"yoast-schema-graph\">{\"@context\":\"https:\\\/\\\/schema.org\",\"@graph\":[{\"@type\":\"WebPage\",\"@id\":\"https:\\\/\\\/www.qualidanse.fr\\\/magasin-paris\\\/marques\\\/diamant\\\/\",\"url\":\"https:\\\/\\\/www.qualidanse.fr\\\/magasin-paris\\\/marques\\\/diamant\\\/\",\"name\":\"Diamant - magasin Flashdance, distributeur exclusif \u00e0 Paris\",\"isPartOf\":{\"@id\":\"https:\\\/\\\/www.qualidanse.fr\\\/magasin-paris\\\/#website\"},\"primaryImageOfPage\":{\"@id\":\"https:\\\/\\\/www.qualidanse.fr\\\/magasin-paris\\\/marques\\\/diamant\\\/#primaryimage\"},\"image\":{\"@id\":\"https:\\\/\\\/www.qualidanse.fr\\\/magasin-paris\\\/marques\\\/diamant\\\/#primaryimage\"},\"thumbnailUrl\":\"https:\\\/\\\/www.qualidanse.fr\\\/wp-inside\\\/uploads\\\/sites\\\/18\\\/2020\\\/02\\\/diamant-paris-flashdance.jpg\",\"datePublished\":\"2020-02-19T23:57:22+00:00\",\"dateModified\":\"2020-12-15T23:21:10+00:00\",\"description\":\"Retrouvez les chaussures de danse Diamant en exclusivit\u00e9 \u00e0 Paris chez Flashdance. Chaussures des danse hommes et femmes.\",\"breadcrumb\":{\"@id\":\"https:\\\/\\\/www.qualidanse.fr\\\/magasin-paris\\\/marques\\\/diamant\\\/#breadcrumb\"},\"inLanguage\":\"fr-FR\",\"potentialAction\":[{\"@type\":\"ReadAction\",\"target\":[\"https:\\\/\\\/www.qualidanse.fr\\\/magasin-paris\\\/marques\\\/diamant\\\/\"]}]},{\"@type\":\"ImageObject\",\"inLanguage\":\"fr-FR\",\"@id\":\"https:\\\/\\\/www.qualidanse.fr\\\/magasin-paris\\\/marques\\\/diamant\\\/#primaryimage\",\"url\":\"https:\\\/\\\/www.qualidanse.fr\\\/wp-inside\\\/uploads\\\/sites\\\/18\\\/2020\\\/02\\\/diamant-paris-flashdance.jpg\",\"contentUrl\":\"https:\\\/\\\/www.qualidanse.fr\\\/wp-inside\\\/uploads\\\/sites\\\/18\\\/2020\\\/02\\\/diamant-paris-flashdance.jpg\"},{\"@type\":\"BreadcrumbList\",\"@id\":\"https:\\\/\\\/www.qualidanse.fr\\\/magasin-paris\\\/marques\\\/diamant\\\/#breadcrumb\",\"itemListElement\":[{\"@type\":\"ListItem\",\"position\":1,\"name\":\"Marques\",\"item\":\"https:\\\/\\\/www.qualidanse.fr\\\/magasin-paris\\\/marques\\\/\"},{\"@type\":\"ListItem\",\"position\":2,\"name\":\"Diamant\"}]},{\"@type\":\"WebSite\",\"@id\":\"https:\\\/\\\/www.qualidanse.fr\\\/magasin-paris\\\/#website\",\"url\":\"https:\\\/\\\/www.qualidanse.fr\\\/magasin-paris\\\/\",\"name\":\"Flashdance\",\"description\":\"\",\"potentialAction\":[{\"@type\":\"SearchAction\",\"target\":{\"@type\":\"EntryPoint\",\"urlTemplate\":\"https:\\\/\\\/www.qualidanse.fr\\\/magasin-paris\\\/?s={search_term_string}\"},\"query-input\":{\"@type\":\"PropertyValueSpecification\",\"valueRequired\":true,\"valueName\":\"search_term_string\"}}],\"inLanguage\":\"fr-FR\"}]}<\/script>\n<!-- \/ Yoast SEO plugin. -->","yoast_head_json":{"title":"Diamant - magasin Flashdance, distributeur exclusif \u00e0 Paris","description":"Retrouvez les chaussures de danse Diamant en exclusivit\u00e9 \u00e0 Paris chez Flashdance. Chaussures des danse hommes et femmes.","robots":{"index":"index","follow":"follow","max-snippet":"max-snippet:-1","max-image-preview":"max-image-preview:large","max-video-preview":"max-video-preview:-1"},"canonical":"https:\/\/www.qualidanse.fr\/magasin-paris\/marques\/diamant\/","og_locale":"fr_FR","og_type":"article","og_title":"Diamant - magasin Flashdance, distributeur exclusif \u00e0 Paris","og_description":"Retrouvez les chaussures de danse Diamant en exclusivit\u00e9 \u00e0 Paris chez Flashdance. Chaussures des danse hommes et femmes.","og_url":"https:\/\/www.qualidanse.fr\/magasin-paris\/marques\/diamant\/","og_site_name":"Flashdance","article_modified_time":"2020-12-15T23:21:10+00:00","og_image":[{"url":"https:\/\/www.qualidanse.fr\/wp-inside\/uploads\/sites\/18\/2020\/02\/diamant-flashdance-paris-chaussures.jpg","type":"","width":"","height":""}],"twitter_card":"summary_large_image","twitter_misc":{"Dur\u00e9e de lecture estim\u00e9e":"2 minutes"},"schema":{"@context":"https:\/\/schema.org","@graph":[{"@type":"WebPage","@id":"https:\/\/www.qualidanse.fr\/magasin-paris\/marques\/diamant\/","url":"https:\/\/www.qualidanse.fr\/magasin-paris\/marques\/diamant\/","name":"Diamant - magasin Flashdance, distributeur exclusif \u00e0 Paris","isPartOf":{"@id":"https:\/\/www.qualidanse.fr\/magasin-paris\/#website"},"primaryImageOfPage":{"@id":"https:\/\/www.qualidanse.fr\/magasin-paris\/marques\/diamant\/#primaryimage"},"image":{"@id":"https:\/\/www.qualidanse.fr\/magasin-paris\/marques\/diamant\/#primaryimage"},"thumbnailUrl":"https:\/\/www.qualidanse.fr\/wp-inside\/uploads\/sites\/18\/2020\/02\/diamant-paris-flashdance.jpg","datePublished":"2020-02-19T23:57:22+00:00","dateModified":"2020-12-15T23:21:10+00:00","description":"Retrouvez les chaussures de danse Diamant en exclusivit\u00e9 \u00e0 Paris chez Flashdance. Chaussures des danse hommes et femmes.","breadcrumb":{"@id":"https:\/\/www.qualidanse.fr\/magasin-paris\/marques\/diamant\/#breadcrumb"},"inLanguage":"fr-FR","potentialAction":[{"@type":"ReadAction","target":["https:\/\/www.qualidanse.fr\/magasin-paris\/marques\/diamant\/"]}]},{"@type":"ImageObject","inLanguage":"fr-FR","@id":"https:\/\/www.qualidanse.fr\/magasin-paris\/marques\/diamant\/#primaryimage","url":"https:\/\/www.qualidanse.fr\/wp-inside\/uploads\/sites\/18\/2020\/02\/diamant-paris-flashdance.jpg","contentUrl":"https:\/\/www.qualidanse.fr\/wp-inside\/uploads\/sites\/18\/2020\/02\/diamant-paris-flashdance.jpg"},{"@type":"BreadcrumbList","@id":"https:\/\/www.qualidanse.fr\/magasin-paris\/marques\/diamant\/#breadcrumb","itemListElement":[{"@type":"ListItem","position":1,"name":"Marques","item":"https:\/\/www.qualidanse.fr\/magasin-paris\/marques\/"},{"@type":"ListItem","position":2,"name":"Diamant"}]},{"@type":"WebSite","@id":"https:\/\/www.qualidanse.fr\/magasin-paris\/#website","url":"https:\/\/www.qualidanse.fr\/magasin-paris\/","name":"Flashdance","description":"","potentialAction":[{"@type":"SearchAction","target":{"@type":"EntryPoint","urlTemplate":"https:\/\/www.qualidanse.fr\/magasin-paris\/?s={search_term_string}"},"query-input":{"@type":"PropertyValueSpecification","valueRequired":true,"valueName":"search_term_string"}}],"inLanguage":"fr-FR"}]}},"_links":{"self":[{"href":"https:\/\/www.qualidanse.fr\/magasin-paris\/wp-json\/wp\/v2\/pages\/442","targetHints":{"allow":["GET"]}}],"collection":[{"href":"https:\/\/www.qualidanse.fr\/magasin-paris\/wp-json\/wp\/v2\/pages"}],"about":[{"href":"https:\/\/www.qualidanse.fr\/magasin-paris\/wp-json\/wp\/v2\/types\/page"}],"author":[{"embeddable":true,"href":"https:\/\/www.qualidanse.fr\/magasin-paris\/wp-json\/wp\/v2\/users\/14"}],"replies":[{"embeddable":true,"href":"https:\/\/www.qualidanse.fr\/magasin-paris\/wp-json\/wp\/v2\/comments?post=442"}],"version-history":[{"count":3,"href":"https:\/\/www.qualidanse.fr\/magasin-paris\/wp-json\/wp\/v2\/pages\/442\/revisions"}],"predecessor-version":[{"id":670,"href":"https:\/\/www.qualidanse.fr\/magasin-paris\/wp-json\/wp\/v2\/pages\/442\/revisions\/670"}],"up":[{"embeddable":true,"href":"https:\/\/www.qualidanse.fr\/magasin-paris\/wp-json\/wp\/v2\/pages\/13"}],"wp:attachment":[{"href":"https:\/\/www.qualidanse.fr\/magasin-paris\/wp-json\/wp\/v2\/media?parent=442"}],"curies":[{"name":"wp","href":"https:\/\/api.w.org\/{rel}","templated":true}]}}