{"id":565,"date":"2020-06-22T14:15:43","date_gmt":"2020-06-22T12:15:43","guid":{"rendered":"https:\/\/www.qualidanse.fr\/magasin-paris\/?page_id=565"},"modified":"2020-12-16T00:13:24","modified_gmt":"2020-12-15T23:13:24","slug":"ballet-rosa","status":"publish","type":"page","link":"https:\/\/www.qualidanse.fr\/magasin-paris\/marques\/ballet-rosa\/","title":{"rendered":"Ballet Rosa"},"content":{"rendered":"<p><img decoding=\"async\" src=\"https:\/\/www.qualidanse.fr\/wp-inside\/uploads\/sites\/18\/2020\/06\/unnamed.jpg\" class=\"size-full aligncenter\" \/><\/p>\n<h2>Des mod\u00e8les d&rsquo;uniforme &#8230;<\/h2>\n<p>Ballet Rosa propose une large gamme de mod\u00e8les, d\u00e9di\u00e9s aux \u00e9coles de danses, id\u00e9aux pour des tenues d&rsquo;uniformes. Ces derniers sont disponibles dans un grand choix de mati\u00e8res et coloris. Bretelles fines ou larges, mancherons, manches courtes ou longues&#8230; Une fabrication portugaise de qualit\u00e9, aux coupes \u00e9pur\u00e9es.<\/p>\n<p>Nous tenons en stock bon nombre d&rsquo;entre eux \u00e0 la boutique !<\/p>\n\n\t\t<style type=\"text\/css\">\n\t\t\t#gallery-1 {\n\t\t\t\tmargin: auto;\n\t\t\t}\n\t\t\t#gallery-1 .gallery-item {\n\t\t\t\tfloat: left;\n\t\t\t\tmargin-top: 10px;\n\t\t\t\ttext-align: center;\n\t\t\t\twidth: 33%;\n\t\t\t}\n\t\t\t#gallery-1 img {\n\t\t\t\tborder: 2px solid #cfcfcf;\n\t\t\t}\n\t\t\t#gallery-1 .gallery-caption {\n\t\t\t\tmargin-left: 0;\n\t\t\t}\n\t\t\t\/* see gallery_shortcode() in wp-includes\/media.php *\/\n\t\t<\/style>\n\t\t<div id='gallery-1' class='gallery galleryid-565 gallery-columns-3 gallery-size-full'><dl class='gallery-item'>\n\t\t\t<dt class='gallery-icon landscape'>\n\t\t\t\t<img loading=\"lazy\" decoding=\"async\" width=\"1920\" height=\"1042\" src=\"https:\/\/www.qualidanse.fr\/wp-inside\/uploads\/sites\/18\/2020\/03\/anouk-encre-bleu-scaled.jpg\" class=\"attachment-full size-full\" alt=\"\" srcset=\"https:\/\/www.qualidanse.fr\/wp-inside\/uploads\/sites\/18\/2020\/03\/anouk-encre-bleu-scaled.jpg 1920w, https:\/\/www.qualidanse.fr\/wp-inside\/uploads\/sites\/18\/2020\/03\/anouk-encre-bleu-300x163.jpg 300w, https:\/\/www.qualidanse.fr\/wp-inside\/uploads\/sites\/18\/2020\/03\/anouk-encre-bleu-1024x556.jpg 1024w, https:\/\/www.qualidanse.fr\/wp-inside\/uploads\/sites\/18\/2020\/03\/anouk-encre-bleu-768x417.jpg 768w, https:\/\/www.qualidanse.fr\/wp-inside\/uploads\/sites\/18\/2020\/03\/anouk-encre-bleu-1536x834.jpg 1536w, https:\/\/www.qualidanse.fr\/wp-inside\/uploads\/sites\/18\/2020\/03\/anouk-encre-bleu-2048x1111.jpg 2048w, https:\/\/www.qualidanse.fr\/wp-inside\/uploads\/sites\/18\/2020\/03\/anouk-encre-bleu-203x110.jpg 203w, https:\/\/www.qualidanse.fr\/wp-inside\/uploads\/sites\/18\/2020\/03\/anouk-encre-bleu-405x220.jpg 405w, https:\/\/www.qualidanse.fr\/wp-inside\/uploads\/sites\/18\/2020\/03\/anouk-encre-bleu-184x100.jpg 184w, https:\/\/www.qualidanse.fr\/wp-inside\/uploads\/sites\/18\/2020\/03\/anouk-encre-bleu-330x179.jpg 330w, https:\/\/www.qualidanse.fr\/wp-inside\/uploads\/sites\/18\/2020\/03\/anouk-encre-bleu-200x109.jpg 200w, https:\/\/www.qualidanse.fr\/wp-inside\/uploads\/sites\/18\/2020\/03\/anouk-encre-bleu-230x125.jpg 230w\" sizes=\"auto, (max-width: 1920px) 100vw, 1920px\" \/>\n\t\t\t<\/dt><\/dl><dl class='gallery-item'>\n\t\t\t<dt class='gallery-icon landscape'>\n\t\t\t\t<img loading=\"lazy\" decoding=\"async\" width=\"955\" height=\"650\" src=\"https:\/\/www.qualidanse.fr\/wp-inside\/uploads\/sites\/18\/2020\/06\/o_portes-ouvertes-cnsmdp_2017_dnsp2-contemporain.jpg\" class=\"attachment-full size-full\" alt=\"\" srcset=\"https:\/\/www.qualidanse.fr\/wp-inside\/uploads\/sites\/18\/2020\/06\/o_portes-ouvertes-cnsmdp_2017_dnsp2-contemporain.jpg 955w, https:\/\/www.qualidanse.fr\/wp-inside\/uploads\/sites\/18\/2020\/06\/o_portes-ouvertes-cnsmdp_2017_dnsp2-contemporain-300x204.jpg 300w, https:\/\/www.qualidanse.fr\/wp-inside\/uploads\/sites\/18\/2020\/06\/o_portes-ouvertes-cnsmdp_2017_dnsp2-contemporain-768x523.jpg 768w, https:\/\/www.qualidanse.fr\/wp-inside\/uploads\/sites\/18\/2020\/06\/o_portes-ouvertes-cnsmdp_2017_dnsp2-contemporain-162x110.jpg 162w, https:\/\/www.qualidanse.fr\/wp-inside\/uploads\/sites\/18\/2020\/06\/o_portes-ouvertes-cnsmdp_2017_dnsp2-contemporain-323x220.jpg 323w, https:\/\/www.qualidanse.fr\/wp-inside\/uploads\/sites\/18\/2020\/06\/o_portes-ouvertes-cnsmdp_2017_dnsp2-contemporain-147x100.jpg 147w, https:\/\/www.qualidanse.fr\/wp-inside\/uploads\/sites\/18\/2020\/06\/o_portes-ouvertes-cnsmdp_2017_dnsp2-contemporain-330x225.jpg 330w, https:\/\/www.qualidanse.fr\/wp-inside\/uploads\/sites\/18\/2020\/06\/o_portes-ouvertes-cnsmdp_2017_dnsp2-contemporain-200x136.jpg 200w, https:\/\/www.qualidanse.fr\/wp-inside\/uploads\/sites\/18\/2020\/06\/o_portes-ouvertes-cnsmdp_2017_dnsp2-contemporain-220x150.jpg 220w\" sizes=\"auto, (max-width: 955px) 100vw, 955px\" \/>\n\t\t\t<\/dt><\/dl><dl class='gallery-item'>\n\t\t\t<dt class='gallery-icon landscape'>\n\t\t\t\t<img loading=\"lazy\" decoding=\"async\" width=\"1000\" height=\"583\" src=\"https:\/\/www.qualidanse.fr\/wp-inside\/uploads\/sites\/18\/2020\/06\/d_portes-ouvertes-cnsmdp_2017_dnsp2-contemporain..jpg\" class=\"attachment-full size-full\" alt=\"\" srcset=\"https:\/\/www.qualidanse.fr\/wp-inside\/uploads\/sites\/18\/2020\/06\/d_portes-ouvertes-cnsmdp_2017_dnsp2-contemporain..jpg 1000w, https:\/\/www.qualidanse.fr\/wp-inside\/uploads\/sites\/18\/2020\/06\/d_portes-ouvertes-cnsmdp_2017_dnsp2-contemporain.-300x175.jpg 300w, https:\/\/www.qualidanse.fr\/wp-inside\/uploads\/sites\/18\/2020\/06\/d_portes-ouvertes-cnsmdp_2017_dnsp2-contemporain.-768x448.jpg 768w, https:\/\/www.qualidanse.fr\/wp-inside\/uploads\/sites\/18\/2020\/06\/d_portes-ouvertes-cnsmdp_2017_dnsp2-contemporain.-189x110.jpg 189w, https:\/\/www.qualidanse.fr\/wp-inside\/uploads\/sites\/18\/2020\/06\/d_portes-ouvertes-cnsmdp_2017_dnsp2-contemporain.-377x220.jpg 377w, https:\/\/www.qualidanse.fr\/wp-inside\/uploads\/sites\/18\/2020\/06\/d_portes-ouvertes-cnsmdp_2017_dnsp2-contemporain.-172x100.jpg 172w, https:\/\/www.qualidanse.fr\/wp-inside\/uploads\/sites\/18\/2020\/06\/d_portes-ouvertes-cnsmdp_2017_dnsp2-contemporain.-330x192.jpg 330w, https:\/\/www.qualidanse.fr\/wp-inside\/uploads\/sites\/18\/2020\/06\/d_portes-ouvertes-cnsmdp_2017_dnsp2-contemporain.-200x117.jpg 200w, https:\/\/www.qualidanse.fr\/wp-inside\/uploads\/sites\/18\/2020\/06\/d_portes-ouvertes-cnsmdp_2017_dnsp2-contemporain.-230x134.jpg 230w\" sizes=\"auto, (max-width: 1000px) 100vw, 1000px\" \/>\n\t\t\t<\/dt><\/dl><br style=\"clear: both\" \/>\n\t\t<\/div>\n\n<h2>&#8230; \u00e0 la Collection cr\u00e9ateur !<\/h2>\n<p>Ce qui constitue l&#8217;empreinte de Ballet Rosa, c&rsquo;est incontestablement sa <strong>\u00ab\u00a0Collection cr\u00e9ateur\u00a0\u00bb dessin\u00e9e par Isabelle Ciaravola,<\/strong> Danseuse Etoile de l&rsquo;Op\u00e9ra de Paris. Des mod\u00e8les au design audacieux, en dentelle ou avec des imprim\u00e9s floraux, des m\u00e9langes de mati\u00e8res&#8230; ceci est la signature d&rsquo;Isabelle Ciaravola !<\/p>\n\n\t\t<style type=\"text\/css\">\n\t\t\t#gallery-2 {\n\t\t\t\tmargin: auto;\n\t\t\t}\n\t\t\t#gallery-2 .gallery-item {\n\t\t\t\tfloat: left;\n\t\t\t\tmargin-top: 10px;\n\t\t\t\ttext-align: center;\n\t\t\t\twidth: 50%;\n\t\t\t}\n\t\t\t#gallery-2 img {\n\t\t\t\tborder: 2px solid #cfcfcf;\n\t\t\t}\n\t\t\t#gallery-2 .gallery-caption {\n\t\t\t\tmargin-left: 0;\n\t\t\t}\n\t\t\t\/* see gallery_shortcode() in wp-includes\/media.php *\/\n\t\t<\/style>\n\t\t<div id='gallery-2' class='gallery galleryid-565 gallery-columns-2 gallery-size-full'><dl class='gallery-item'>\n\t\t\t<dt class='gallery-icon portrait'>\n\t\t\t\t<img loading=\"lazy\" decoding=\"async\" width=\"719\" height=\"1080\" src=\"https:\/\/www.qualidanse.fr\/wp-inside\/uploads\/sites\/18\/2020\/06\/7f8dc2926c927a3675007d798667f612.jpg\" class=\"attachment-full size-full\" alt=\"\" srcset=\"https:\/\/www.qualidanse.fr\/wp-inside\/uploads\/sites\/18\/2020\/06\/7f8dc2926c927a3675007d798667f612.jpg 719w, https:\/\/www.qualidanse.fr\/wp-inside\/uploads\/sites\/18\/2020\/06\/7f8dc2926c927a3675007d798667f612-200x300.jpg 200w, https:\/\/www.qualidanse.fr\/wp-inside\/uploads\/sites\/18\/2020\/06\/7f8dc2926c927a3675007d798667f612-682x1024.jpg 682w, https:\/\/www.qualidanse.fr\/wp-inside\/uploads\/sites\/18\/2020\/06\/7f8dc2926c927a3675007d798667f612-768x1154.jpg 768w, https:\/\/www.qualidanse.fr\/wp-inside\/uploads\/sites\/18\/2020\/06\/7f8dc2926c927a3675007d798667f612-1022x1536.jpg 1022w, https:\/\/www.qualidanse.fr\/wp-inside\/uploads\/sites\/18\/2020\/06\/7f8dc2926c927a3675007d798667f612-73x110.jpg 73w, https:\/\/www.qualidanse.fr\/wp-inside\/uploads\/sites\/18\/2020\/06\/7f8dc2926c927a3675007d798667f612-146x220.jpg 146w, https:\/\/www.qualidanse.fr\/wp-inside\/uploads\/sites\/18\/2020\/06\/7f8dc2926c927a3675007d798667f612-67x100.jpg 67w, https:\/\/www.qualidanse.fr\/wp-inside\/uploads\/sites\/18\/2020\/06\/7f8dc2926c927a3675007d798667f612-220x330.jpg 220w, https:\/\/www.qualidanse.fr\/wp-inside\/uploads\/sites\/18\/2020\/06\/7f8dc2926c927a3675007d798667f612-133x200.jpg 133w, https:\/\/www.qualidanse.fr\/wp-inside\/uploads\/sites\/18\/2020\/06\/7f8dc2926c927a3675007d798667f612-100x150.jpg 100w\" sizes=\"auto, (max-width: 719px) 100vw, 719px\" \/>\n\t\t\t<\/dt><\/dl><dl class='gallery-item'>\n\t\t\t<dt class='gallery-icon portrait'>\n\t\t\t\t<img loading=\"lazy\" decoding=\"async\" width=\"719\" height=\"1080\" src=\"https:\/\/www.qualidanse.fr\/wp-inside\/uploads\/sites\/18\/2020\/06\/48e52bb6e6d6f3d660b04eaddadbe495.jpg\" class=\"attachment-full size-full\" alt=\"\" srcset=\"https:\/\/www.qualidanse.fr\/wp-inside\/uploads\/sites\/18\/2020\/06\/48e52bb6e6d6f3d660b04eaddadbe495.jpg 719w, https:\/\/www.qualidanse.fr\/wp-inside\/uploads\/sites\/18\/2020\/06\/48e52bb6e6d6f3d660b04eaddadbe495-200x300.jpg 200w, https:\/\/www.qualidanse.fr\/wp-inside\/uploads\/sites\/18\/2020\/06\/48e52bb6e6d6f3d660b04eaddadbe495-682x1024.jpg 682w, https:\/\/www.qualidanse.fr\/wp-inside\/uploads\/sites\/18\/2020\/06\/48e52bb6e6d6f3d660b04eaddadbe495-768x1154.jpg 768w, https:\/\/www.qualidanse.fr\/wp-inside\/uploads\/sites\/18\/2020\/06\/48e52bb6e6d6f3d660b04eaddadbe495-1022x1536.jpg 1022w, https:\/\/www.qualidanse.fr\/wp-inside\/uploads\/sites\/18\/2020\/06\/48e52bb6e6d6f3d660b04eaddadbe495-73x110.jpg 73w, https:\/\/www.qualidanse.fr\/wp-inside\/uploads\/sites\/18\/2020\/06\/48e52bb6e6d6f3d660b04eaddadbe495-146x220.jpg 146w, https:\/\/www.qualidanse.fr\/wp-inside\/uploads\/sites\/18\/2020\/06\/48e52bb6e6d6f3d660b04eaddadbe495-67x100.jpg 67w, https:\/\/www.qualidanse.fr\/wp-inside\/uploads\/sites\/18\/2020\/06\/48e52bb6e6d6f3d660b04eaddadbe495-220x330.jpg 220w, https:\/\/www.qualidanse.fr\/wp-inside\/uploads\/sites\/18\/2020\/06\/48e52bb6e6d6f3d660b04eaddadbe495-133x200.jpg 133w, https:\/\/www.qualidanse.fr\/wp-inside\/uploads\/sites\/18\/2020\/06\/48e52bb6e6d6f3d660b04eaddadbe495-100x150.jpg 100w\" sizes=\"auto, (max-width: 719px) 100vw, 719px\" \/>\n\t\t\t<\/dt><\/dl><br style=\"clear: both\" \/>\n\t\t<\/div>\n\n","protected":false},"excerpt":{"rendered":"<p>Des mod\u00e8les d&rsquo;uniforme &#8230; Ballet Rosa propose une large gamme de mod\u00e8les, d\u00e9di\u00e9s aux \u00e9coles de danses, id\u00e9aux pour des tenues d&rsquo;uniformes. Ces derniers sont disponibles dans un grand choix [&hellip;]<\/p>\n","protected":false},"author":14,"featured_media":0,"parent":13,"menu_order":0,"comment_status":"closed","ping_status":"closed","template":"template-page-marque.php","meta":{"_acf_changed":false,"footnotes":""},"class_list":["post-565","page","type-page","status-publish","hentry","wp-sticky"],"acf":[],"yoast_head":"<!-- This site is optimized with the Yoast SEO plugin v27.5 - https:\/\/yoast.com\/product\/yoast-seo-wordpress\/ -->\n<title>Ballet Rosa | justaucorps de dans chez Flashdance \u00e0 Paris<\/title>\n<meta name=\"description\" content=\"Collection cr\u00e9ateur et tenues de cours de danse Ballet Rosa sont \u00e0 Paris, dans votre boutique FlashDance !\" \/>\n<meta name=\"robots\" content=\"index, follow, max-snippet:-1, max-image-preview:large, max-video-preview:-1\" \/>\n<link rel=\"canonical\" href=\"https:\/\/www.qualidanse.fr\/magasin-paris\/marques\/ballet-rosa\/\" \/>\n<meta property=\"og:locale\" content=\"fr_FR\" \/>\n<meta property=\"og:type\" content=\"article\" \/>\n<meta property=\"og:title\" content=\"Ballet Rosa | justaucorps de dans chez Flashdance \u00e0 Paris\" \/>\n<meta property=\"og:description\" content=\"Collection cr\u00e9ateur et tenues de cours de danse Ballet Rosa sont \u00e0 Paris, dans votre boutique FlashDance !\" \/>\n<meta property=\"og:url\" content=\"https:\/\/www.qualidanse.fr\/magasin-paris\/marques\/ballet-rosa\/\" \/>\n<meta property=\"og:site_name\" content=\"Flashdance\" \/>\n<meta property=\"article:modified_time\" content=\"2020-12-15T23:13:24+00:00\" \/>\n<meta property=\"og:image\" content=\"https:\/\/www.qualidanse.fr\/wp-inside\/uploads\/sites\/18\/2020\/03\/anouk-encre-bleu-scaled.jpg\" \/>\n<meta name=\"twitter:card\" content=\"summary_large_image\" \/>\n<meta name=\"twitter:label1\" content=\"Dur\u00e9e de lecture estim\u00e9e\" \/>\n\t<meta name=\"twitter:data1\" content=\"1 minute\" \/>\n<script type=\"application\/ld+json\" class=\"yoast-schema-graph\">{\"@context\":\"https:\\\/\\\/schema.org\",\"@graph\":[{\"@type\":\"WebPage\",\"@id\":\"https:\\\/\\\/www.qualidanse.fr\\\/magasin-paris\\\/marques\\\/ballet-rosa\\\/\",\"url\":\"https:\\\/\\\/www.qualidanse.fr\\\/magasin-paris\\\/marques\\\/ballet-rosa\\\/\",\"name\":\"Ballet Rosa | justaucorps de dans chez Flashdance \u00e0 Paris\",\"isPartOf\":{\"@id\":\"https:\\\/\\\/www.qualidanse.fr\\\/magasin-paris\\\/#website\"},\"primaryImageOfPage\":{\"@id\":\"https:\\\/\\\/www.qualidanse.fr\\\/magasin-paris\\\/marques\\\/ballet-rosa\\\/#primaryimage\"},\"image\":{\"@id\":\"https:\\\/\\\/www.qualidanse.fr\\\/magasin-paris\\\/marques\\\/ballet-rosa\\\/#primaryimage\"},\"thumbnailUrl\":\"https:\\\/\\\/www.qualidanse.fr\\\/wp-inside\\\/uploads\\\/sites\\\/18\\\/2020\\\/06\\\/unnamed.jpg\",\"datePublished\":\"2020-06-22T12:15:43+00:00\",\"dateModified\":\"2020-12-15T23:13:24+00:00\",\"description\":\"Collection cr\u00e9ateur et tenues de cours de danse Ballet Rosa sont \u00e0 Paris, dans votre boutique FlashDance !\",\"breadcrumb\":{\"@id\":\"https:\\\/\\\/www.qualidanse.fr\\\/magasin-paris\\\/marques\\\/ballet-rosa\\\/#breadcrumb\"},\"inLanguage\":\"fr-FR\",\"potentialAction\":[{\"@type\":\"ReadAction\",\"target\":[\"https:\\\/\\\/www.qualidanse.fr\\\/magasin-paris\\\/marques\\\/ballet-rosa\\\/\"]}]},{\"@type\":\"ImageObject\",\"inLanguage\":\"fr-FR\",\"@id\":\"https:\\\/\\\/www.qualidanse.fr\\\/magasin-paris\\\/marques\\\/ballet-rosa\\\/#primaryimage\",\"url\":\"https:\\\/\\\/www.qualidanse.fr\\\/wp-inside\\\/uploads\\\/sites\\\/18\\\/2020\\\/06\\\/unnamed.jpg\",\"contentUrl\":\"https:\\\/\\\/www.qualidanse.fr\\\/wp-inside\\\/uploads\\\/sites\\\/18\\\/2020\\\/06\\\/unnamed.jpg\"},{\"@type\":\"BreadcrumbList\",\"@id\":\"https:\\\/\\\/www.qualidanse.fr\\\/magasin-paris\\\/marques\\\/ballet-rosa\\\/#breadcrumb\",\"itemListElement\":[{\"@type\":\"ListItem\",\"position\":1,\"name\":\"Marques\",\"item\":\"https:\\\/\\\/www.qualidanse.fr\\\/magasin-paris\\\/marques\\\/\"},{\"@type\":\"ListItem\",\"position\":2,\"name\":\"Ballet Rosa\"}]},{\"@type\":\"WebSite\",\"@id\":\"https:\\\/\\\/www.qualidanse.fr\\\/magasin-paris\\\/#website\",\"url\":\"https:\\\/\\\/www.qualidanse.fr\\\/magasin-paris\\\/\",\"name\":\"Flashdance\",\"description\":\"\",\"potentialAction\":[{\"@type\":\"SearchAction\",\"target\":{\"@type\":\"EntryPoint\",\"urlTemplate\":\"https:\\\/\\\/www.qualidanse.fr\\\/magasin-paris\\\/?s={search_term_string}\"},\"query-input\":{\"@type\":\"PropertyValueSpecification\",\"valueRequired\":true,\"valueName\":\"search_term_string\"}}],\"inLanguage\":\"fr-FR\"}]}<\/script>\n<!-- \/ Yoast SEO plugin. -->","yoast_head_json":{"title":"Ballet Rosa | justaucorps de dans chez Flashdance \u00e0 Paris","description":"Collection cr\u00e9ateur et tenues de cours de danse Ballet Rosa sont \u00e0 Paris, dans votre boutique FlashDance !","robots":{"index":"index","follow":"follow","max-snippet":"max-snippet:-1","max-image-preview":"max-image-preview:large","max-video-preview":"max-video-preview:-1"},"canonical":"https:\/\/www.qualidanse.fr\/magasin-paris\/marques\/ballet-rosa\/","og_locale":"fr_FR","og_type":"article","og_title":"Ballet Rosa | justaucorps de dans chez Flashdance \u00e0 Paris","og_description":"Collection cr\u00e9ateur et tenues de cours de danse Ballet Rosa sont \u00e0 Paris, dans votre boutique FlashDance !","og_url":"https:\/\/www.qualidanse.fr\/magasin-paris\/marques\/ballet-rosa\/","og_site_name":"Flashdance","article_modified_time":"2020-12-15T23:13:24+00:00","og_image":[{"url":"https:\/\/www.qualidanse.fr\/wp-inside\/uploads\/sites\/18\/2020\/03\/anouk-encre-bleu-scaled.jpg","type":"","width":"","height":""}],"twitter_card":"summary_large_image","twitter_misc":{"Dur\u00e9e de lecture estim\u00e9e":"1 minute"},"schema":{"@context":"https:\/\/schema.org","@graph":[{"@type":"WebPage","@id":"https:\/\/www.qualidanse.fr\/magasin-paris\/marques\/ballet-rosa\/","url":"https:\/\/www.qualidanse.fr\/magasin-paris\/marques\/ballet-rosa\/","name":"Ballet Rosa | justaucorps de dans chez Flashdance \u00e0 Paris","isPartOf":{"@id":"https:\/\/www.qualidanse.fr\/magasin-paris\/#website"},"primaryImageOfPage":{"@id":"https:\/\/www.qualidanse.fr\/magasin-paris\/marques\/ballet-rosa\/#primaryimage"},"image":{"@id":"https:\/\/www.qualidanse.fr\/magasin-paris\/marques\/ballet-rosa\/#primaryimage"},"thumbnailUrl":"https:\/\/www.qualidanse.fr\/wp-inside\/uploads\/sites\/18\/2020\/06\/unnamed.jpg","datePublished":"2020-06-22T12:15:43+00:00","dateModified":"2020-12-15T23:13:24+00:00","description":"Collection cr\u00e9ateur et tenues de cours de danse Ballet Rosa sont \u00e0 Paris, dans votre boutique FlashDance !","breadcrumb":{"@id":"https:\/\/www.qualidanse.fr\/magasin-paris\/marques\/ballet-rosa\/#breadcrumb"},"inLanguage":"fr-FR","potentialAction":[{"@type":"ReadAction","target":["https:\/\/www.qualidanse.fr\/magasin-paris\/marques\/ballet-rosa\/"]}]},{"@type":"ImageObject","inLanguage":"fr-FR","@id":"https:\/\/www.qualidanse.fr\/magasin-paris\/marques\/ballet-rosa\/#primaryimage","url":"https:\/\/www.qualidanse.fr\/wp-inside\/uploads\/sites\/18\/2020\/06\/unnamed.jpg","contentUrl":"https:\/\/www.qualidanse.fr\/wp-inside\/uploads\/sites\/18\/2020\/06\/unnamed.jpg"},{"@type":"BreadcrumbList","@id":"https:\/\/www.qualidanse.fr\/magasin-paris\/marques\/ballet-rosa\/#breadcrumb","itemListElement":[{"@type":"ListItem","position":1,"name":"Marques","item":"https:\/\/www.qualidanse.fr\/magasin-paris\/marques\/"},{"@type":"ListItem","position":2,"name":"Ballet Rosa"}]},{"@type":"WebSite","@id":"https:\/\/www.qualidanse.fr\/magasin-paris\/#website","url":"https:\/\/www.qualidanse.fr\/magasin-paris\/","name":"Flashdance","description":"","potentialAction":[{"@type":"SearchAction","target":{"@type":"EntryPoint","urlTemplate":"https:\/\/www.qualidanse.fr\/magasin-paris\/?s={search_term_string}"},"query-input":{"@type":"PropertyValueSpecification","valueRequired":true,"valueName":"search_term_string"}}],"inLanguage":"fr-FR"}]}},"_links":{"self":[{"href":"https:\/\/www.qualidanse.fr\/magasin-paris\/wp-json\/wp\/v2\/pages\/565","targetHints":{"allow":["GET"]}}],"collection":[{"href":"https:\/\/www.qualidanse.fr\/magasin-paris\/wp-json\/wp\/v2\/pages"}],"about":[{"href":"https:\/\/www.qualidanse.fr\/magasin-paris\/wp-json\/wp\/v2\/types\/page"}],"author":[{"embeddable":true,"href":"https:\/\/www.qualidanse.fr\/magasin-paris\/wp-json\/wp\/v2\/users\/14"}],"replies":[{"embeddable":true,"href":"https:\/\/www.qualidanse.fr\/magasin-paris\/wp-json\/wp\/v2\/comments?post=565"}],"version-history":[{"count":3,"href":"https:\/\/www.qualidanse.fr\/magasin-paris\/wp-json\/wp\/v2\/pages\/565\/revisions"}],"predecessor-version":[{"id":574,"href":"https:\/\/www.qualidanse.fr\/magasin-paris\/wp-json\/wp\/v2\/pages\/565\/revisions\/574"}],"up":[{"embeddable":true,"href":"https:\/\/www.qualidanse.fr\/magasin-paris\/wp-json\/wp\/v2\/pages\/13"}],"wp:attachment":[{"href":"https:\/\/www.qualidanse.fr\/magasin-paris\/wp-json\/wp\/v2\/media?parent=565"}],"curies":[{"name":"wp","href":"https:\/\/api.w.org\/{rel}","templated":true}]}}