{"id":607,"date":"2020-07-01T15:52:19","date_gmt":"2020-07-01T13:52:19","guid":{"rendered":"https:\/\/www.qualidanse.fr\/magasin-paris\/?page_id=607"},"modified":"2020-12-16T00:30:28","modified_gmt":"2020-12-15T23:30:28","slug":"portdance","status":"publish","type":"page","link":"https:\/\/www.qualidanse.fr\/magasin-paris\/marques\/portdance\/","title":{"rendered":"PortDance"},"content":{"rendered":"<p>Derni\u00e8re n\u00e9e des marques de chaussures de danse, <strong>PortDance imagine et fabrique ses chaussures au Portugal<\/strong> !<\/p>\n<p><img decoding=\"async\" src=\"https:\/\/www.qualidanse.fr\/wp-inside\/uploads\/sites\/18\/2020\/07\/portdance-flashdance-paris.jpg\" class=\"aligncenter\" \/><\/p>\n<p>Avec leurs <strong>designs audacieux et sexy<\/strong>, les chaussures de danse PortDance sont parfaites pour chausser vos soir\u00e9es latinos ! Que vous dansiez la salsa, bachata ou kizomba, les mod\u00e8les PortDance offrent une <strong>grande souplesse<\/strong> de la semelle, ainsi qu&rsquo;u<strong>n maintien du pied<\/strong> tr\u00e8s confortable !<\/p>\n<p>Les nouveaut\u00e9s arrivent r\u00e9guli\u00e8rement en boutique au gr\u00e9 des nouveaux mod\u00e8les cr\u00e9\u00e9s ! Il n&rsquo;y a plus qu&rsquo;\u00e0 les essayer !<\/p>\n\n\t\t<style type=\"text\/css\">\n\t\t\t#gallery-1 {\n\t\t\t\tmargin: auto;\n\t\t\t}\n\t\t\t#gallery-1 .gallery-item {\n\t\t\t\tfloat: left;\n\t\t\t\tmargin-top: 10px;\n\t\t\t\ttext-align: center;\n\t\t\t\twidth: 50%;\n\t\t\t}\n\t\t\t#gallery-1 img {\n\t\t\t\tborder: 2px solid #cfcfcf;\n\t\t\t}\n\t\t\t#gallery-1 .gallery-caption {\n\t\t\t\tmargin-left: 0;\n\t\t\t}\n\t\t\t\/* see gallery_shortcode() in wp-includes\/media.php *\/\n\t\t<\/style>\n\t\t<div id='gallery-1' class='gallery galleryid-607 gallery-columns-2 gallery-size-full'><dl class='gallery-item'>\n\t\t\t<dt class='gallery-icon landscape'>\n\t\t\t\t<img loading=\"lazy\" decoding=\"async\" width=\"599\" height=\"583\" src=\"https:\/\/www.qualidanse.fr\/wp-inside\/uploads\/sites\/18\/2020\/07\/screenshot_2020-07-01-rossana-visone-rossolatino--photos-et-videos-instagram4-copie.jpg\" class=\"attachment-full size-full\" alt=\"\" srcset=\"https:\/\/www.qualidanse.fr\/wp-inside\/uploads\/sites\/18\/2020\/07\/screenshot_2020-07-01-rossana-visone-rossolatino--photos-et-videos-instagram4-copie.jpg 599w, https:\/\/www.qualidanse.fr\/wp-inside\/uploads\/sites\/18\/2020\/07\/screenshot_2020-07-01-rossana-visone-rossolatino--photos-et-videos-instagram4-copie-300x292.jpg 300w, https:\/\/www.qualidanse.fr\/wp-inside\/uploads\/sites\/18\/2020\/07\/screenshot_2020-07-01-rossana-visone-rossolatino--photos-et-videos-instagram4-copie-113x110.jpg 113w, https:\/\/www.qualidanse.fr\/wp-inside\/uploads\/sites\/18\/2020\/07\/screenshot_2020-07-01-rossana-visone-rossolatino--photos-et-videos-instagram4-copie-226x220.jpg 226w, https:\/\/www.qualidanse.fr\/wp-inside\/uploads\/sites\/18\/2020\/07\/screenshot_2020-07-01-rossana-visone-rossolatino--photos-et-videos-instagram4-copie-103x100.jpg 103w, https:\/\/www.qualidanse.fr\/wp-inside\/uploads\/sites\/18\/2020\/07\/screenshot_2020-07-01-rossana-visone-rossolatino--photos-et-videos-instagram4-copie-330x321.jpg 330w, https:\/\/www.qualidanse.fr\/wp-inside\/uploads\/sites\/18\/2020\/07\/screenshot_2020-07-01-rossana-visone-rossolatino--photos-et-videos-instagram4-copie-200x195.jpg 200w, https:\/\/www.qualidanse.fr\/wp-inside\/uploads\/sites\/18\/2020\/07\/screenshot_2020-07-01-rossana-visone-rossolatino--photos-et-videos-instagram4-copie-154x150.jpg 154w\" sizes=\"auto, (max-width: 599px) 100vw, 599px\" \/>\n\t\t\t<\/dt><\/dl><dl class='gallery-item'>\n\t\t\t<dt class='gallery-icon landscape'>\n\t\t\t\t<img loading=\"lazy\" decoding=\"async\" width=\"593\" height=\"572\" src=\"https:\/\/www.qualidanse.fr\/wp-inside\/uploads\/sites\/18\/2020\/07\/screenshot_2020-07-01-rossana-visone-rossolatino--photos-et-videos-instagram3.jpg\" class=\"attachment-full size-full\" alt=\"\" srcset=\"https:\/\/www.qualidanse.fr\/wp-inside\/uploads\/sites\/18\/2020\/07\/screenshot_2020-07-01-rossana-visone-rossolatino--photos-et-videos-instagram3.jpg 593w, https:\/\/www.qualidanse.fr\/wp-inside\/uploads\/sites\/18\/2020\/07\/screenshot_2020-07-01-rossana-visone-rossolatino--photos-et-videos-instagram3-300x289.jpg 300w, https:\/\/www.qualidanse.fr\/wp-inside\/uploads\/sites\/18\/2020\/07\/screenshot_2020-07-01-rossana-visone-rossolatino--photos-et-videos-instagram3-114x110.jpg 114w, https:\/\/www.qualidanse.fr\/wp-inside\/uploads\/sites\/18\/2020\/07\/screenshot_2020-07-01-rossana-visone-rossolatino--photos-et-videos-instagram3-228x220.jpg 228w, https:\/\/www.qualidanse.fr\/wp-inside\/uploads\/sites\/18\/2020\/07\/screenshot_2020-07-01-rossana-visone-rossolatino--photos-et-videos-instagram3-104x100.jpg 104w, https:\/\/www.qualidanse.fr\/wp-inside\/uploads\/sites\/18\/2020\/07\/screenshot_2020-07-01-rossana-visone-rossolatino--photos-et-videos-instagram3-330x318.jpg 330w, https:\/\/www.qualidanse.fr\/wp-inside\/uploads\/sites\/18\/2020\/07\/screenshot_2020-07-01-rossana-visone-rossolatino--photos-et-videos-instagram3-200x193.jpg 200w, https:\/\/www.qualidanse.fr\/wp-inside\/uploads\/sites\/18\/2020\/07\/screenshot_2020-07-01-rossana-visone-rossolatino--photos-et-videos-instagram3-156x150.jpg 156w\" sizes=\"auto, (max-width: 593px) 100vw, 593px\" \/>\n\t\t\t<\/dt><\/dl><br style=\"clear: both\" \/>\n\t\t<\/div>\n\n","protected":false},"excerpt":{"rendered":"<p>Derni\u00e8re n\u00e9e des marques de chaussures de danse, PortDance imagine et fabrique ses chaussures au Portugal ! Avec leurs designs audacieux et sexy, les chaussures de danse PortDance sont parfaites [&hellip;]<\/p>\n","protected":false},"author":14,"featured_media":0,"parent":13,"menu_order":0,"comment_status":"closed","ping_status":"closed","template":"template-page-marque.php","meta":{"_acf_changed":false,"footnotes":""},"class_list":["post-607","page","type-page","status-publish","hentry","wp-sticky"],"acf":[],"yoast_head":"<!-- This site is optimized with the Yoast SEO plugin v27.5 - https:\/\/yoast.com\/product\/yoast-seo-wordpress\/ -->\n<title>PortDance - chaussures de danse \u00e0 Paris chez Flashdance<\/title>\n<meta name=\"description\" content=\"Les chaussures de danse PortDance sont \u00e0 Paris chez FlashDance. Chaussures pour la salsa, la bachata, la kizomba...\" \/>\n<meta name=\"robots\" content=\"index, follow, max-snippet:-1, max-image-preview:large, max-video-preview:-1\" \/>\n<link rel=\"canonical\" href=\"https:\/\/www.qualidanse.fr\/magasin-paris\/marques\/portdance\/\" \/>\n<meta property=\"og:locale\" content=\"fr_FR\" \/>\n<meta property=\"og:type\" content=\"article\" \/>\n<meta property=\"og:title\" content=\"PortDance - chaussures de danse \u00e0 Paris chez Flashdance\" \/>\n<meta property=\"og:description\" content=\"Les chaussures de danse PortDance sont \u00e0 Paris chez FlashDance. Chaussures pour la salsa, la bachata, la kizomba...\" \/>\n<meta property=\"og:url\" content=\"https:\/\/www.qualidanse.fr\/magasin-paris\/marques\/portdance\/\" \/>\n<meta property=\"og:site_name\" content=\"Flashdance\" \/>\n<meta property=\"article:modified_time\" content=\"2020-12-15T23:30:28+00:00\" \/>\n<meta property=\"og:image\" content=\"https:\/\/www.qualidanse.fr\/wp-inside\/uploads\/sites\/18\/2020\/07\/screenshot_2020-07-01-rossana-visone-rossolatino--photos-et-videos-instagram4-copie.jpg\" \/>\n<meta name=\"twitter:card\" content=\"summary_large_image\" \/>\n<script type=\"application\/ld+json\" class=\"yoast-schema-graph\">{\"@context\":\"https:\\\/\\\/schema.org\",\"@graph\":[{\"@type\":\"WebPage\",\"@id\":\"https:\\\/\\\/www.qualidanse.fr\\\/magasin-paris\\\/marques\\\/portdance\\\/\",\"url\":\"https:\\\/\\\/www.qualidanse.fr\\\/magasin-paris\\\/marques\\\/portdance\\\/\",\"name\":\"PortDance - chaussures de danse \u00e0 Paris chez Flashdance\",\"isPartOf\":{\"@id\":\"https:\\\/\\\/www.qualidanse.fr\\\/magasin-paris\\\/#website\"},\"primaryImageOfPage\":{\"@id\":\"https:\\\/\\\/www.qualidanse.fr\\\/magasin-paris\\\/marques\\\/portdance\\\/#primaryimage\"},\"image\":{\"@id\":\"https:\\\/\\\/www.qualidanse.fr\\\/magasin-paris\\\/marques\\\/portdance\\\/#primaryimage\"},\"thumbnailUrl\":\"https:\\\/\\\/www.qualidanse.fr\\\/wp-inside\\\/uploads\\\/sites\\\/18\\\/2020\\\/07\\\/portdance-flashdance-paris.jpg\",\"datePublished\":\"2020-07-01T13:52:19+00:00\",\"dateModified\":\"2020-12-15T23:30:28+00:00\",\"description\":\"Les chaussures de danse PortDance sont \u00e0 Paris chez FlashDance. Chaussures pour la salsa, la bachata, la kizomba...\",\"breadcrumb\":{\"@id\":\"https:\\\/\\\/www.qualidanse.fr\\\/magasin-paris\\\/marques\\\/portdance\\\/#breadcrumb\"},\"inLanguage\":\"fr-FR\",\"potentialAction\":[{\"@type\":\"ReadAction\",\"target\":[\"https:\\\/\\\/www.qualidanse.fr\\\/magasin-paris\\\/marques\\\/portdance\\\/\"]}]},{\"@type\":\"ImageObject\",\"inLanguage\":\"fr-FR\",\"@id\":\"https:\\\/\\\/www.qualidanse.fr\\\/magasin-paris\\\/marques\\\/portdance\\\/#primaryimage\",\"url\":\"https:\\\/\\\/www.qualidanse.fr\\\/wp-inside\\\/uploads\\\/sites\\\/18\\\/2020\\\/07\\\/portdance-flashdance-paris.jpg\",\"contentUrl\":\"https:\\\/\\\/www.qualidanse.fr\\\/wp-inside\\\/uploads\\\/sites\\\/18\\\/2020\\\/07\\\/portdance-flashdance-paris.jpg\"},{\"@type\":\"BreadcrumbList\",\"@id\":\"https:\\\/\\\/www.qualidanse.fr\\\/magasin-paris\\\/marques\\\/portdance\\\/#breadcrumb\",\"itemListElement\":[{\"@type\":\"ListItem\",\"position\":1,\"name\":\"Marques\",\"item\":\"https:\\\/\\\/www.qualidanse.fr\\\/magasin-paris\\\/marques\\\/\"},{\"@type\":\"ListItem\",\"position\":2,\"name\":\"PortDance\"}]},{\"@type\":\"WebSite\",\"@id\":\"https:\\\/\\\/www.qualidanse.fr\\\/magasin-paris\\\/#website\",\"url\":\"https:\\\/\\\/www.qualidanse.fr\\\/magasin-paris\\\/\",\"name\":\"Flashdance\",\"description\":\"\",\"potentialAction\":[{\"@type\":\"SearchAction\",\"target\":{\"@type\":\"EntryPoint\",\"urlTemplate\":\"https:\\\/\\\/www.qualidanse.fr\\\/magasin-paris\\\/?s={search_term_string}\"},\"query-input\":{\"@type\":\"PropertyValueSpecification\",\"valueRequired\":true,\"valueName\":\"search_term_string\"}}],\"inLanguage\":\"fr-FR\"}]}<\/script>\n<!-- \/ Yoast SEO plugin. -->","yoast_head_json":{"title":"PortDance - chaussures de danse \u00e0 Paris chez Flashdance","description":"Les chaussures de danse PortDance sont \u00e0 Paris chez FlashDance. Chaussures pour la salsa, la bachata, la kizomba...","robots":{"index":"index","follow":"follow","max-snippet":"max-snippet:-1","max-image-preview":"max-image-preview:large","max-video-preview":"max-video-preview:-1"},"canonical":"https:\/\/www.qualidanse.fr\/magasin-paris\/marques\/portdance\/","og_locale":"fr_FR","og_type":"article","og_title":"PortDance - chaussures de danse \u00e0 Paris chez Flashdance","og_description":"Les chaussures de danse PortDance sont \u00e0 Paris chez FlashDance. Chaussures pour la salsa, la bachata, la kizomba...","og_url":"https:\/\/www.qualidanse.fr\/magasin-paris\/marques\/portdance\/","og_site_name":"Flashdance","article_modified_time":"2020-12-15T23:30:28+00:00","og_image":[{"url":"https:\/\/www.qualidanse.fr\/wp-inside\/uploads\/sites\/18\/2020\/07\/screenshot_2020-07-01-rossana-visone-rossolatino--photos-et-videos-instagram4-copie.jpg","type":"","width":"","height":""}],"twitter_card":"summary_large_image","schema":{"@context":"https:\/\/schema.org","@graph":[{"@type":"WebPage","@id":"https:\/\/www.qualidanse.fr\/magasin-paris\/marques\/portdance\/","url":"https:\/\/www.qualidanse.fr\/magasin-paris\/marques\/portdance\/","name":"PortDance - chaussures de danse \u00e0 Paris chez Flashdance","isPartOf":{"@id":"https:\/\/www.qualidanse.fr\/magasin-paris\/#website"},"primaryImageOfPage":{"@id":"https:\/\/www.qualidanse.fr\/magasin-paris\/marques\/portdance\/#primaryimage"},"image":{"@id":"https:\/\/www.qualidanse.fr\/magasin-paris\/marques\/portdance\/#primaryimage"},"thumbnailUrl":"https:\/\/www.qualidanse.fr\/wp-inside\/uploads\/sites\/18\/2020\/07\/portdance-flashdance-paris.jpg","datePublished":"2020-07-01T13:52:19+00:00","dateModified":"2020-12-15T23:30:28+00:00","description":"Les chaussures de danse PortDance sont \u00e0 Paris chez FlashDance. Chaussures pour la salsa, la bachata, la kizomba...","breadcrumb":{"@id":"https:\/\/www.qualidanse.fr\/magasin-paris\/marques\/portdance\/#breadcrumb"},"inLanguage":"fr-FR","potentialAction":[{"@type":"ReadAction","target":["https:\/\/www.qualidanse.fr\/magasin-paris\/marques\/portdance\/"]}]},{"@type":"ImageObject","inLanguage":"fr-FR","@id":"https:\/\/www.qualidanse.fr\/magasin-paris\/marques\/portdance\/#primaryimage","url":"https:\/\/www.qualidanse.fr\/wp-inside\/uploads\/sites\/18\/2020\/07\/portdance-flashdance-paris.jpg","contentUrl":"https:\/\/www.qualidanse.fr\/wp-inside\/uploads\/sites\/18\/2020\/07\/portdance-flashdance-paris.jpg"},{"@type":"BreadcrumbList","@id":"https:\/\/www.qualidanse.fr\/magasin-paris\/marques\/portdance\/#breadcrumb","itemListElement":[{"@type":"ListItem","position":1,"name":"Marques","item":"https:\/\/www.qualidanse.fr\/magasin-paris\/marques\/"},{"@type":"ListItem","position":2,"name":"PortDance"}]},{"@type":"WebSite","@id":"https:\/\/www.qualidanse.fr\/magasin-paris\/#website","url":"https:\/\/www.qualidanse.fr\/magasin-paris\/","name":"Flashdance","description":"","potentialAction":[{"@type":"SearchAction","target":{"@type":"EntryPoint","urlTemplate":"https:\/\/www.qualidanse.fr\/magasin-paris\/?s={search_term_string}"},"query-input":{"@type":"PropertyValueSpecification","valueRequired":true,"valueName":"search_term_string"}}],"inLanguage":"fr-FR"}]}},"_links":{"self":[{"href":"https:\/\/www.qualidanse.fr\/magasin-paris\/wp-json\/wp\/v2\/pages\/607","targetHints":{"allow":["GET"]}}],"collection":[{"href":"https:\/\/www.qualidanse.fr\/magasin-paris\/wp-json\/wp\/v2\/pages"}],"about":[{"href":"https:\/\/www.qualidanse.fr\/magasin-paris\/wp-json\/wp\/v2\/types\/page"}],"author":[{"embeddable":true,"href":"https:\/\/www.qualidanse.fr\/magasin-paris\/wp-json\/wp\/v2\/users\/14"}],"replies":[{"embeddable":true,"href":"https:\/\/www.qualidanse.fr\/magasin-paris\/wp-json\/wp\/v2\/comments?post=607"}],"version-history":[{"count":2,"href":"https:\/\/www.qualidanse.fr\/magasin-paris\/wp-json\/wp\/v2\/pages\/607\/revisions"}],"predecessor-version":[{"id":674,"href":"https:\/\/www.qualidanse.fr\/magasin-paris\/wp-json\/wp\/v2\/pages\/607\/revisions\/674"}],"up":[{"embeddable":true,"href":"https:\/\/www.qualidanse.fr\/magasin-paris\/wp-json\/wp\/v2\/pages\/13"}],"wp:attachment":[{"href":"https:\/\/www.qualidanse.fr\/magasin-paris\/wp-json\/wp\/v2\/media?parent=607"}],"curies":[{"name":"wp","href":"https:\/\/api.w.org\/{rel}","templated":true}]}}