{"id":41,"date":"2018-08-30T18:28:48","date_gmt":"2018-08-30T16:28:48","guid":{"rendered":"https:\/\/www.qualidanse.fr\/marque-degas\/?page_id=41"},"modified":"2025-01-30T12:19:11","modified_gmt":"2025-01-30T11:19:11","slug":"magasins","status":"publish","type":"page","link":"https:\/\/www.qualidanse.fr\/marque-degas\/magasins\/","title":{"rendered":"Magasins"},"content":{"rendered":"<h2>Retrouvez nos mod\u00e8les dans votre boutique d\u2019articles de danse pr\u00e9f\u00e9r\u00e9e !<\/h2>\n<p><a href=\"https:\/\/www.qualidanse.fr\/wp-inside\/uploads\/sites\/19\/2019\/05\/qualidanse-marque-degas-mag-logo.png\"><img decoding=\"async\" src=\"https:\/\/www.qualidanse.fr\/wp-inside\/uploads\/sites\/19\/2019\/05\/qualidanse-marque-degas-mag-logo-300x85.png\" class=\"aligncenter size-medium\" \/><\/a><\/p>\n<h2 style=\"line-height: 30px\">DEGAS en vente chez les revendeurs fran\u00e7ais et \u00e9trangers<\/h2>\n<p style=\"font-size: 16px;line-height: 22.4px\">La marque DEGAS distribue ses mod\u00e8les gr\u00e2ce au r\u00e9seau de\u00a0<a href=\"https:\/\/www.qualidanse.fr\/marque-degas\/magasins\/\" target=\"_blank\" rel=\"noopener noreferrer\">boutiques sp\u00e9cialis\u00e9es<\/a>\u00a0en France comme \u00e0 l\u2019\u00e9tranger. La danse\u00a0<strong>\u00ab Fabriqu\u00e9 en France \u00bb<\/strong>\u00a0s\u2019exporte au-del\u00e0 des fronti\u00e8res.<\/p>\n<p><img decoding=\"async\" src=\"https:\/\/www.qualidanse.fr\/wp-inside\/uploads\/sites\/19\/2025\/01\/240608_degas_1312-4-1024x682.jpg\" class=\"aligncenter size-large\" \/><\/p>\n<h2>DEGAS, marque fran\u00e7aise depuis 1992<\/h2>\n<p>La marque DEGAS, <strong>marque fran\u00e7aise<\/strong>, ne porte pas que le titre de cette appellation d\u2019origine. En effet, nos mod\u00e8les sont pens\u00e9s et dessin\u00e9s en France mais \u00e9galement fabriqu\u00e9s en France dans l\u2019atelier familial.<\/p>\n<p>La marque DEGAS devient pour ainsi dire la derni\u00e8re maison fabriquant encore en France des articles textiles pour la danse et arbore fi\u00e8rement le logo <strong>Qualidanse<\/strong>. Qualidanse r\u00e9compense la qualit\u00e9, le savoir-faire et l\u2019\u00e9l\u00e9gance de nos mod\u00e8les mais \u00e9galement la relation de confiance que nous entretenons avec notre r\u00e9seau de distribution.<\/p>\n<p>Les boutiques d\u2019articles de danse peuvent ainsi vous proposer du \u00ab Fabriqu\u00e9 in France \u00bb jusque dans les studios de danse : des futures \u00e9toiles jusqu\u2019aux petits rats de l\u2019Op\u00e9ra, <strong>habillez vos classes<\/strong> en Degas ! Vous d\u00e9couvrirez par vous-m\u00eame que l\u2019artisanat fran\u00e7ais est une <strong>gamme accessible \u00e0 tous<\/strong> : nous \u00e9tudions des mod\u00e8les sp\u00e9cifiques pour les \u00e9coles de danse. Votre boutique d\u2019articles de danse ne manquera pas de vous les pr\u00e9senter.<\/p>\n<p>A ce titre nous avons particip\u00e9 \u00e0 la Grande Exposition du Fabriqu\u00e9 en France qui \u00e9tait organis\u00e9e au Palais de l&rsquo;Elys\u00e9e en janvier 2020. Une vraie fiert\u00e9 pour notre entreprise du Lot et pour les salari\u00e9s qui la font vivre au quotidien !<\/p>\n<h2>DEGAS recommande les boutiques pour vos achats<\/h2>\n<p>Votre <a href=\"https:\/\/www.degas.fr\/page-degas-Nos-boutiques-,55.html\" target=\"_blank\" rel=\"noopener noreferrer\">boutique d\u2019articles de danse<\/a> vous apporte ses conseils et son expertise pour vous pr\u00e9senter des produits techniques et confortables. Vous b\u00e9n\u00e9ficierez d\u2019un essayage et d\u2019une personne d\u00e9di\u00e9e pour vous accompagner dans le choix de votre tenue de danse.<\/p>\n<p>Chaque saison, les boutiques font leur choix pour vous proposer quelques-unes de nos 600 r\u00e9f\u00e9rences disponibles parfois dans plus de 20 coloris. Nos mod\u00e8les peuvent \u00eatre command\u00e9s \u00e0 l\u2019unit\u00e9 aupr\u00e8s de chaque revendeur.<\/p>\n<p>Si vous avez des difficult\u00e9s pour trouver nos mod\u00e8les, contactez-nous via notre <a href=\"http:\/\/www.degas.fr\/index.php\" target=\"_blank\" rel=\"noopener noreferrer\">site internet<\/a>.<\/p>\n\n\t\t<style type=\"text\/css\">\n\t\t\t#gallery-1 {\n\t\t\t\tmargin: auto;\n\t\t\t}\n\t\t\t#gallery-1 .gallery-item {\n\t\t\t\tfloat: left;\n\t\t\t\tmargin-top: 10px;\n\t\t\t\ttext-align: center;\n\t\t\t\twidth: 50%;\n\t\t\t}\n\t\t\t#gallery-1 img {\n\t\t\t\tborder: 2px solid #cfcfcf;\n\t\t\t}\n\t\t\t#gallery-1 .gallery-caption {\n\t\t\t\tmargin-left: 0;\n\t\t\t}\n\t\t\t\/* see gallery_shortcode() in wp-includes\/media.php *\/\n\t\t<\/style>\n\t\t<div id='gallery-1' class='gallery galleryid-41 gallery-columns-2 gallery-size-thumbnail'><dl class='gallery-item'>\n\t\t\t<dt class='gallery-icon landscape'>\n\t\t\t\t<a href='https:\/\/www.qualidanse.fr\/wp-inside\/uploads\/sites\/19\/2019\/05\/qualidanse-marque-degas-mag-label-1.jpg'><img loading=\"lazy\" decoding=\"async\" width=\"150\" height=\"150\" src=\"https:\/\/www.qualidanse.fr\/wp-inside\/uploads\/sites\/19\/2019\/05\/qualidanse-marque-degas-mag-label-1-150x150.jpg\" class=\"attachment-thumbnail size-thumbnail\" alt=\"\" srcset=\"https:\/\/www.qualidanse.fr\/wp-inside\/uploads\/sites\/19\/2019\/05\/qualidanse-marque-degas-mag-label-1-150x150.jpg 150w, https:\/\/www.qualidanse.fr\/wp-inside\/uploads\/sites\/19\/2019\/05\/qualidanse-marque-degas-mag-label-1-300x300.jpg 300w, https:\/\/www.qualidanse.fr\/wp-inside\/uploads\/sites\/19\/2019\/05\/qualidanse-marque-degas-mag-label-1-768x768.jpg 768w, https:\/\/www.qualidanse.fr\/wp-inside\/uploads\/sites\/19\/2019\/05\/qualidanse-marque-degas-mag-label-1-1024x1024.jpg 1024w, https:\/\/www.qualidanse.fr\/wp-inside\/uploads\/sites\/19\/2019\/05\/qualidanse-marque-degas-mag-label-1-110x110.jpg 110w, https:\/\/www.qualidanse.fr\/wp-inside\/uploads\/sites\/19\/2019\/05\/qualidanse-marque-degas-mag-label-1-220x220.jpg 220w, https:\/\/www.qualidanse.fr\/wp-inside\/uploads\/sites\/19\/2019\/05\/qualidanse-marque-degas-mag-label-1-100x100.jpg 100w, https:\/\/www.qualidanse.fr\/wp-inside\/uploads\/sites\/19\/2019\/05\/qualidanse-marque-degas-mag-label-1-330x330.jpg 330w, https:\/\/www.qualidanse.fr\/wp-inside\/uploads\/sites\/19\/2019\/05\/qualidanse-marque-degas-mag-label-1-200x200.jpg 200w, https:\/\/www.qualidanse.fr\/wp-inside\/uploads\/sites\/19\/2019\/05\/qualidanse-marque-degas-mag-label-1.jpg 1080w\" sizes=\"auto, (max-width: 150px) 100vw, 150px\" \/><\/a>\n\t\t\t<\/dt><\/dl><dl class='gallery-item'>\n\t\t\t<dt class='gallery-icon landscape'>\n\t\t\t\t<a href='https:\/\/www.qualidanse.fr\/wp-inside\/uploads\/sites\/19\/2019\/05\/qualidanse-marque-degas-mag-label-2.jpg'><img loading=\"lazy\" decoding=\"async\" width=\"150\" height=\"150\" src=\"https:\/\/www.qualidanse.fr\/wp-inside\/uploads\/sites\/19\/2019\/05\/qualidanse-marque-degas-mag-label-2-150x150.jpg\" class=\"attachment-thumbnail size-thumbnail\" alt=\"\" srcset=\"https:\/\/www.qualidanse.fr\/wp-inside\/uploads\/sites\/19\/2019\/05\/qualidanse-marque-degas-mag-label-2-150x150.jpg 150w, https:\/\/www.qualidanse.fr\/wp-inside\/uploads\/sites\/19\/2019\/05\/qualidanse-marque-degas-mag-label-2-330x330.jpg 330w\" sizes=\"auto, (max-width: 150px) 100vw, 150px\" \/><\/a>\n\t\t\t<\/dt><\/dl><br style=\"clear: both\" \/>\n\t\t<\/div>\n\n<p>&nbsp;<\/p>\n","protected":false},"excerpt":{"rendered":"<p>Retrouvez nos mod\u00e8les dans votre boutique d\u2019articles de danse pr\u00e9f\u00e9r\u00e9e ! DEGAS en vente chez les revendeurs fran\u00e7ais et \u00e9trangers La marque DEGAS distribue ses mod\u00e8les gr\u00e2ce au r\u00e9seau de\u00a0boutiques [&hellip;]<\/p>\n","protected":false},"author":3,"featured_media":0,"parent":0,"menu_order":15,"comment_status":"closed","ping_status":"closed","template":"template-list-magasins.php","meta":{"_acf_changed":false,"footnotes":""},"class_list":["post-41","page","type-page","status-publish","hentry","wp-sticky"],"acf":[],"yoast_head":"<!-- This site is optimized with the Yoast SEO plugin v27.5 - https:\/\/yoast.com\/product\/yoast-seo-wordpress\/ -->\n<title>Magasins commercialisant la marque DEGAS, label Qualidanse<\/title>\n<meta name=\"description\" content=\"La marque DEGAS (fabrication fran\u00e7aise) vous propose ses v\u00eatements et accessoires de danse dans de nombreuses boutiques Qualidanse.\" \/>\n<meta name=\"robots\" content=\"index, follow, max-snippet:-1, max-image-preview:large, max-video-preview:-1\" \/>\n<link rel=\"canonical\" href=\"https:\/\/www.qualidanse.fr\/marque-degas\/magasins\/\" \/>\n<meta property=\"og:locale\" content=\"fr_FR\" \/>\n<meta property=\"og:type\" content=\"article\" \/>\n<meta property=\"og:title\" content=\"Magasins commercialisant la marque DEGAS, label Qualidanse\" \/>\n<meta property=\"og:description\" content=\"La marque DEGAS (fabrication fran\u00e7aise) vous propose ses v\u00eatements et accessoires de danse dans de nombreuses boutiques Qualidanse.\" \/>\n<meta property=\"og:url\" content=\"https:\/\/www.qualidanse.fr\/marque-degas\/magasins\/\" \/>\n<meta property=\"og:site_name\" content=\"Degas\" \/>\n<meta property=\"article:modified_time\" content=\"2025-01-30T11:19:11+00:00\" \/>\n<meta property=\"og:image\" content=\"https:\/\/www.qualidanse.fr\/wp-inside\/uploads\/sites\/19\/2019\/05\/qualidanse-marque-degas-mag-label-1-150x150.jpg\" \/>\n<meta name=\"twitter:card\" content=\"summary_large_image\" \/>\n<meta name=\"twitter:label1\" content=\"Dur\u00e9e de lecture estim\u00e9e\" \/>\n\t<meta name=\"twitter:data1\" content=\"2 minutes\" \/>\n<script type=\"application\/ld+json\" class=\"yoast-schema-graph\">{\"@context\":\"https:\\\/\\\/schema.org\",\"@graph\":[{\"@type\":\"WebPage\",\"@id\":\"https:\\\/\\\/www.qualidanse.fr\\\/marque-degas\\\/magasins\\\/\",\"url\":\"https:\\\/\\\/www.qualidanse.fr\\\/marque-degas\\\/magasins\\\/\",\"name\":\"Magasins commercialisant la marque DEGAS, label Qualidanse\",\"isPartOf\":{\"@id\":\"https:\\\/\\\/www.qualidanse.fr\\\/marque-degas\\\/#website\"},\"primaryImageOfPage\":{\"@id\":\"https:\\\/\\\/www.qualidanse.fr\\\/marque-degas\\\/magasins\\\/#primaryimage\"},\"image\":{\"@id\":\"https:\\\/\\\/www.qualidanse.fr\\\/marque-degas\\\/magasins\\\/#primaryimage\"},\"thumbnailUrl\":\"https:\\\/\\\/www.qualidanse.fr\\\/wp-inside\\\/uploads\\\/sites\\\/19\\\/2019\\\/05\\\/qualidanse-marque-degas-mag-logo-300x85.png\",\"datePublished\":\"2018-08-30T16:28:48+00:00\",\"dateModified\":\"2025-01-30T11:19:11+00:00\",\"description\":\"La marque DEGAS (fabrication fran\u00e7aise) vous propose ses v\u00eatements et accessoires de danse dans de nombreuses boutiques Qualidanse.\",\"inLanguage\":\"fr-FR\",\"potentialAction\":[{\"@type\":\"ReadAction\",\"target\":[\"https:\\\/\\\/www.qualidanse.fr\\\/marque-degas\\\/magasins\\\/\"]}]},{\"@type\":\"ImageObject\",\"inLanguage\":\"fr-FR\",\"@id\":\"https:\\\/\\\/www.qualidanse.fr\\\/marque-degas\\\/magasins\\\/#primaryimage\",\"url\":\"https:\\\/\\\/www.qualidanse.fr\\\/wp-inside\\\/uploads\\\/sites\\\/19\\\/2019\\\/05\\\/qualidanse-marque-degas-mag-logo-300x85.png\",\"contentUrl\":\"https:\\\/\\\/www.qualidanse.fr\\\/wp-inside\\\/uploads\\\/sites\\\/19\\\/2019\\\/05\\\/qualidanse-marque-degas-mag-logo-300x85.png\"},{\"@type\":\"WebSite\",\"@id\":\"https:\\\/\\\/www.qualidanse.fr\\\/marque-degas\\\/#website\",\"url\":\"https:\\\/\\\/www.qualidanse.fr\\\/marque-degas\\\/\",\"name\":\"Degas\",\"description\":\"\",\"potentialAction\":[{\"@type\":\"SearchAction\",\"target\":{\"@type\":\"EntryPoint\",\"urlTemplate\":\"https:\\\/\\\/www.qualidanse.fr\\\/marque-degas\\\/?s={search_term_string}\"},\"query-input\":{\"@type\":\"PropertyValueSpecification\",\"valueRequired\":true,\"valueName\":\"search_term_string\"}}],\"inLanguage\":\"fr-FR\"}]}<\/script>\n<!-- \/ Yoast SEO plugin. -->","yoast_head_json":{"title":"Magasins commercialisant la marque DEGAS, label Qualidanse","description":"La marque DEGAS (fabrication fran\u00e7aise) vous propose ses v\u00eatements et accessoires de danse dans de nombreuses boutiques Qualidanse.","robots":{"index":"index","follow":"follow","max-snippet":"max-snippet:-1","max-image-preview":"max-image-preview:large","max-video-preview":"max-video-preview:-1"},"canonical":"https:\/\/www.qualidanse.fr\/marque-degas\/magasins\/","og_locale":"fr_FR","og_type":"article","og_title":"Magasins commercialisant la marque DEGAS, label Qualidanse","og_description":"La marque DEGAS (fabrication fran\u00e7aise) vous propose ses v\u00eatements et accessoires de danse dans de nombreuses boutiques Qualidanse.","og_url":"https:\/\/www.qualidanse.fr\/marque-degas\/magasins\/","og_site_name":"Degas","article_modified_time":"2025-01-30T11:19:11+00:00","og_image":[{"url":"https:\/\/www.qualidanse.fr\/wp-inside\/uploads\/sites\/19\/2019\/05\/qualidanse-marque-degas-mag-label-1-150x150.jpg","type":"","width":"","height":""}],"twitter_card":"summary_large_image","twitter_misc":{"Dur\u00e9e de lecture estim\u00e9e":"2 minutes"},"schema":{"@context":"https:\/\/schema.org","@graph":[{"@type":"WebPage","@id":"https:\/\/www.qualidanse.fr\/marque-degas\/magasins\/","url":"https:\/\/www.qualidanse.fr\/marque-degas\/magasins\/","name":"Magasins commercialisant la marque DEGAS, label Qualidanse","isPartOf":{"@id":"https:\/\/www.qualidanse.fr\/marque-degas\/#website"},"primaryImageOfPage":{"@id":"https:\/\/www.qualidanse.fr\/marque-degas\/magasins\/#primaryimage"},"image":{"@id":"https:\/\/www.qualidanse.fr\/marque-degas\/magasins\/#primaryimage"},"thumbnailUrl":"https:\/\/www.qualidanse.fr\/wp-inside\/uploads\/sites\/19\/2019\/05\/qualidanse-marque-degas-mag-logo-300x85.png","datePublished":"2018-08-30T16:28:48+00:00","dateModified":"2025-01-30T11:19:11+00:00","description":"La marque DEGAS (fabrication fran\u00e7aise) vous propose ses v\u00eatements et accessoires de danse dans de nombreuses boutiques Qualidanse.","inLanguage":"fr-FR","potentialAction":[{"@type":"ReadAction","target":["https:\/\/www.qualidanse.fr\/marque-degas\/magasins\/"]}]},{"@type":"ImageObject","inLanguage":"fr-FR","@id":"https:\/\/www.qualidanse.fr\/marque-degas\/magasins\/#primaryimage","url":"https:\/\/www.qualidanse.fr\/wp-inside\/uploads\/sites\/19\/2019\/05\/qualidanse-marque-degas-mag-logo-300x85.png","contentUrl":"https:\/\/www.qualidanse.fr\/wp-inside\/uploads\/sites\/19\/2019\/05\/qualidanse-marque-degas-mag-logo-300x85.png"},{"@type":"WebSite","@id":"https:\/\/www.qualidanse.fr\/marque-degas\/#website","url":"https:\/\/www.qualidanse.fr\/marque-degas\/","name":"Degas","description":"","potentialAction":[{"@type":"SearchAction","target":{"@type":"EntryPoint","urlTemplate":"https:\/\/www.qualidanse.fr\/marque-degas\/?s={search_term_string}"},"query-input":{"@type":"PropertyValueSpecification","valueRequired":true,"valueName":"search_term_string"}}],"inLanguage":"fr-FR"}]}},"_links":{"self":[{"href":"https:\/\/www.qualidanse.fr\/marque-degas\/wp-json\/wp\/v2\/pages\/41","targetHints":{"allow":["GET"]}}],"collection":[{"href":"https:\/\/www.qualidanse.fr\/marque-degas\/wp-json\/wp\/v2\/pages"}],"about":[{"href":"https:\/\/www.qualidanse.fr\/marque-degas\/wp-json\/wp\/v2\/types\/page"}],"author":[{"embeddable":true,"href":"https:\/\/www.qualidanse.fr\/marque-degas\/wp-json\/wp\/v2\/users\/3"}],"replies":[{"embeddable":true,"href":"https:\/\/www.qualidanse.fr\/marque-degas\/wp-json\/wp\/v2\/comments?post=41"}],"version-history":[{"count":17,"href":"https:\/\/www.qualidanse.fr\/marque-degas\/wp-json\/wp\/v2\/pages\/41\/revisions"}],"predecessor-version":[{"id":635,"href":"https:\/\/www.qualidanse.fr\/marque-degas\/wp-json\/wp\/v2\/pages\/41\/revisions\/635"}],"wp:attachment":[{"href":"https:\/\/www.qualidanse.fr\/marque-degas\/wp-json\/wp\/v2\/media?parent=41"}],"curies":[{"name":"wp","href":"https:\/\/api.w.org\/{rel}","templated":true}]}}