{"id":9,"date":"2019-06-06T15:13:26","date_gmt":"2019-06-06T13:13:26","guid":{"rendered":"https:\/\/www.qualidanse.fr\/marque-temps-danse\/?page_id=9"},"modified":"2024-02-29T17:47:51","modified_gmt":"2024-02-29T16:47:51","slug":"a-propos","status":"publish","type":"page","link":"https:\/\/www.qualidanse.fr\/marque-temps-danse\/a-propos\/","title":{"rendered":"La marque"},"content":{"rendered":"<p>Depuis 1983, Temps Danse a pour valeur principale le bien-\u00eatre de la femme qu\u2019elle soit danseuse professionnelle ou amateur, pratiquante de yoga, de pilates ou bien fan de fitness. Nos collections allient\u00a0: <strong>confort, technicit\u00e9, f\u00e9minit\u00e9 et modernit\u00e9<\/strong>. Temps Danse propose une gamme compl\u00e8te \u00e0 d\u00e9couvrir pour la femme, l\u2019homme et l\u2019enfant.<\/p>\n\n\t\t<style type=\"text\/css\">\n\t\t\t#gallery-1 {\n\t\t\t\tmargin: auto;\n\t\t\t}\n\t\t\t#gallery-1 .gallery-item {\n\t\t\t\tfloat: left;\n\t\t\t\tmargin-top: 10px;\n\t\t\t\ttext-align: center;\n\t\t\t\twidth: 50%;\n\t\t\t}\n\t\t\t#gallery-1 img {\n\t\t\t\tborder: 2px solid #cfcfcf;\n\t\t\t}\n\t\t\t#gallery-1 .gallery-caption {\n\t\t\t\tmargin-left: 0;\n\t\t\t}\n\t\t\t\/* see gallery_shortcode() in wp-includes\/media.php *\/\n\t\t<\/style>\n\t\t<div id='gallery-1' class='gallery galleryid-9 gallery-columns-2 gallery-size-medium'><dl class='gallery-item'>\n\t\t\t<dt class='gallery-icon landscape'>\n\t\t\t\t<a href='https:\/\/www.qualidanse.fr\/wp-inside\/uploads\/sites\/24\/2019\/06\/qualidanse-marque-temps-danse-a-propos-galerie-1.jpg'><img loading=\"lazy\" decoding=\"async\" width=\"300\" height=\"264\" src=\"https:\/\/www.qualidanse.fr\/wp-inside\/uploads\/sites\/24\/2019\/06\/qualidanse-marque-temps-danse-a-propos-galerie-1-300x264.jpg\" class=\"attachment-medium size-medium\" alt=\"Temps Danse\" srcset=\"https:\/\/www.qualidanse.fr\/wp-inside\/uploads\/sites\/24\/2019\/06\/qualidanse-marque-temps-danse-a-propos-galerie-1-300x263.jpg 300w, https:\/\/www.qualidanse.fr\/wp-inside\/uploads\/sites\/24\/2019\/06\/qualidanse-marque-temps-danse-a-propos-galerie-1-125x110.jpg 125w, https:\/\/www.qualidanse.fr\/wp-inside\/uploads\/sites\/24\/2019\/06\/qualidanse-marque-temps-danse-a-propos-galerie-1-250x220.jpg 250w, https:\/\/www.qualidanse.fr\/wp-inside\/uploads\/sites\/24\/2019\/06\/qualidanse-marque-temps-danse-a-propos-galerie-1-114x100.jpg 114w, https:\/\/www.qualidanse.fr\/wp-inside\/uploads\/sites\/24\/2019\/06\/qualidanse-marque-temps-danse-a-propos-galerie-1-330x290.jpg 330w, https:\/\/www.qualidanse.fr\/wp-inside\/uploads\/sites\/24\/2019\/06\/qualidanse-marque-temps-danse-a-propos-galerie-1-200x176.jpg 200w, https:\/\/www.qualidanse.fr\/wp-inside\/uploads\/sites\/24\/2019\/06\/qualidanse-marque-temps-danse-a-propos-galerie-1-171x150.jpg 171w, https:\/\/www.qualidanse.fr\/wp-inside\/uploads\/sites\/24\/2019\/06\/qualidanse-marque-temps-danse-a-propos-galerie-1-260x230.jpg 260w, https:\/\/www.qualidanse.fr\/wp-inside\/uploads\/sites\/24\/2019\/06\/qualidanse-marque-temps-danse-a-propos-galerie-1.jpg 700w\" sizes=\"auto, (max-width: 300px) 100vw, 300px\" \/><\/a>\n\t\t\t<\/dt><\/dl><dl class='gallery-item'>\n\t\t\t<dt class='gallery-icon landscape'>\n\t\t\t\t<a href='https:\/\/www.qualidanse.fr\/wp-inside\/uploads\/sites\/24\/2019\/06\/qualidanse-marque-temps-danse-a-propos-galerie-2.jpg'><img loading=\"lazy\" decoding=\"async\" width=\"300\" height=\"264\" src=\"https:\/\/www.qualidanse.fr\/wp-inside\/uploads\/sites\/24\/2019\/06\/qualidanse-marque-temps-danse-a-propos-galerie-2-300x264.jpg\" class=\"attachment-medium size-medium\" alt=\"Temps Danse\" srcset=\"https:\/\/www.qualidanse.fr\/wp-inside\/uploads\/sites\/24\/2019\/06\/qualidanse-marque-temps-danse-a-propos-galerie-2-300x263.jpg 300w, https:\/\/www.qualidanse.fr\/wp-inside\/uploads\/sites\/24\/2019\/06\/qualidanse-marque-temps-danse-a-propos-galerie-2-125x110.jpg 125w, https:\/\/www.qualidanse.fr\/wp-inside\/uploads\/sites\/24\/2019\/06\/qualidanse-marque-temps-danse-a-propos-galerie-2-250x220.jpg 250w, https:\/\/www.qualidanse.fr\/wp-inside\/uploads\/sites\/24\/2019\/06\/qualidanse-marque-temps-danse-a-propos-galerie-2-114x100.jpg 114w, https:\/\/www.qualidanse.fr\/wp-inside\/uploads\/sites\/24\/2019\/06\/qualidanse-marque-temps-danse-a-propos-galerie-2-330x290.jpg 330w, https:\/\/www.qualidanse.fr\/wp-inside\/uploads\/sites\/24\/2019\/06\/qualidanse-marque-temps-danse-a-propos-galerie-2-200x176.jpg 200w, https:\/\/www.qualidanse.fr\/wp-inside\/uploads\/sites\/24\/2019\/06\/qualidanse-marque-temps-danse-a-propos-galerie-2-171x150.jpg 171w, https:\/\/www.qualidanse.fr\/wp-inside\/uploads\/sites\/24\/2019\/06\/qualidanse-marque-temps-danse-a-propos-galerie-2-260x230.jpg 260w, https:\/\/www.qualidanse.fr\/wp-inside\/uploads\/sites\/24\/2019\/06\/qualidanse-marque-temps-danse-a-propos-galerie-2.jpg 700w\" sizes=\"auto, (max-width: 300px) 100vw, 300px\" \/><\/a>\n\t\t\t<\/dt><\/dl><br style=\"clear: both\" \/>\n\t\t<\/div>\n\n<p>&nbsp;<\/p>\n<p>Ce sont nos bureaux parisiens qui se chargent de la cr\u00e9ation des mod\u00e8les. Nous lan\u00e7ons <strong>deux collections par an<\/strong> proposant \u00e0 chaque saison des nouvelles formes et des nouvelles couleurs bas\u00e9es sur les tendances de la mode. Nous avons \u00e9galement un catalogue <strong>d\u2019essentiels<\/strong> disponibles toute l\u2019ann\u00e9e. Un des points forts des collections est de pouvoir <strong>combiner les formes et les couleurs <\/strong>selon ses envies.<\/p>\n<p>L\u2019\u00e9coute est fondamentale pour d\u00e9velopper nos collections, nous communiquons avec les danseuses et les danseurs professionnels, les professeurs de danse et de yoga, et nous prenons \u00e9galement en compte les avis des magasins et des consommateurs pour proposer des nouvelles formes ou des nouvelles mati\u00e8res qui r\u00e9pondent au mieux \u00e0 leurs besoins et \u00e0 leurs attentes.<\/p>\n<p><strong>Les lignes \u00e9pur\u00e9es et intemporelles et la qualit\u00e9 de ses mati\u00e8res font le succ\u00e8s de Temps Danse <\/strong>: les tissus sont fabriqu\u00e9s en France ou en UE selon les normes europ\u00e9ennes en vigueur (Oeko-Tex) et allient les propri\u00e9t\u00e9s de bien-\u00eatre\u00a0: douceur, \u00e9lasticit\u00e9, fluidit\u00e9, fibres d\u2019origine naturelle (bambou, viscose\u2026) aux crit\u00e8res techniques essentiels pour la pratique du sport\u00a0: maintien performant, solidit\u00e9 dans le temps, absorption de la transpiration ou mati\u00e8re respirante<strong>. <\/strong><\/p>\n<p><strong>Temps Danse est \u00e9galement tr\u00e8s attentive \u00e0 la fabrication\u00a0des v\u00eatements. <\/strong>Elle est confi\u00e9e depuis plusieurs ann\u00e9es aux m\u00eames ateliers en France et en Tunisie, qui sont sp\u00e9cialis\u00e9s dans la r\u00e9alisation de v\u00eatements stretch.<\/p>\n<p>Enfin, Temps Danse c\u2019est une \u00e9quipe \u00e0 votre \u00e9coute qui porte une attention particuli\u00e8re \u00e0 chacune de vos demandes.<\/p>\n\n\t\t<style type=\"text\/css\">\n\t\t\t#gallery-2 {\n\t\t\t\tmargin: auto;\n\t\t\t}\n\t\t\t#gallery-2 .gallery-item {\n\t\t\t\tfloat: left;\n\t\t\t\tmargin-top: 10px;\n\t\t\t\ttext-align: center;\n\t\t\t\twidth: 33%;\n\t\t\t}\n\t\t\t#gallery-2 img {\n\t\t\t\tborder: 2px solid #cfcfcf;\n\t\t\t}\n\t\t\t#gallery-2 .gallery-caption {\n\t\t\t\tmargin-left: 0;\n\t\t\t}\n\t\t\t\/* see gallery_shortcode() in wp-includes\/media.php *\/\n\t\t<\/style>\n\t\t<div id='gallery-2' class='gallery galleryid-9 gallery-columns-3 gallery-size-medium'><dl class='gallery-item'>\n\t\t\t<dt class='gallery-icon landscape'>\n\t\t\t\t<a href='https:\/\/www.qualidanse.fr\/wp-inside\/uploads\/sites\/24\/2019\/06\/qualidanse-marque-temps-danse-a-propos-galerie-3.jpg'><img loading=\"lazy\" decoding=\"async\" width=\"300\" height=\"264\" src=\"https:\/\/www.qualidanse.fr\/wp-inside\/uploads\/sites\/24\/2019\/06\/qualidanse-marque-temps-danse-a-propos-galerie-3-300x264.jpg\" class=\"attachment-medium size-medium\" alt=\"Temps Danse\" srcset=\"https:\/\/www.qualidanse.fr\/wp-inside\/uploads\/sites\/24\/2019\/06\/qualidanse-marque-temps-danse-a-propos-galerie-3-300x263.jpg 300w, https:\/\/www.qualidanse.fr\/wp-inside\/uploads\/sites\/24\/2019\/06\/qualidanse-marque-temps-danse-a-propos-galerie-3-125x110.jpg 125w, https:\/\/www.qualidanse.fr\/wp-inside\/uploads\/sites\/24\/2019\/06\/qualidanse-marque-temps-danse-a-propos-galerie-3-250x220.jpg 250w, https:\/\/www.qualidanse.fr\/wp-inside\/uploads\/sites\/24\/2019\/06\/qualidanse-marque-temps-danse-a-propos-galerie-3-114x100.jpg 114w, https:\/\/www.qualidanse.fr\/wp-inside\/uploads\/sites\/24\/2019\/06\/qualidanse-marque-temps-danse-a-propos-galerie-3-330x290.jpg 330w, https:\/\/www.qualidanse.fr\/wp-inside\/uploads\/sites\/24\/2019\/06\/qualidanse-marque-temps-danse-a-propos-galerie-3-200x176.jpg 200w, https:\/\/www.qualidanse.fr\/wp-inside\/uploads\/sites\/24\/2019\/06\/qualidanse-marque-temps-danse-a-propos-galerie-3-171x150.jpg 171w, https:\/\/www.qualidanse.fr\/wp-inside\/uploads\/sites\/24\/2019\/06\/qualidanse-marque-temps-danse-a-propos-galerie-3-260x230.jpg 260w, https:\/\/www.qualidanse.fr\/wp-inside\/uploads\/sites\/24\/2019\/06\/qualidanse-marque-temps-danse-a-propos-galerie-3.jpg 700w\" sizes=\"auto, (max-width: 300px) 100vw, 300px\" \/><\/a>\n\t\t\t<\/dt><\/dl><dl class='gallery-item'>\n\t\t\t<dt class='gallery-icon landscape'>\n\t\t\t\t<a href='https:\/\/www.qualidanse.fr\/wp-inside\/uploads\/sites\/24\/2019\/06\/qualidanse-marque-temps-danse-a-propos-galerie-4.jpg'><img loading=\"lazy\" decoding=\"async\" width=\"300\" height=\"264\" src=\"https:\/\/www.qualidanse.fr\/wp-inside\/uploads\/sites\/24\/2019\/06\/qualidanse-marque-temps-danse-a-propos-galerie-4-300x264.jpg\" class=\"attachment-medium size-medium\" alt=\"Temps Danse\" srcset=\"https:\/\/www.qualidanse.fr\/wp-inside\/uploads\/sites\/24\/2019\/06\/qualidanse-marque-temps-danse-a-propos-galerie-4-300x263.jpg 300w, https:\/\/www.qualidanse.fr\/wp-inside\/uploads\/sites\/24\/2019\/06\/qualidanse-marque-temps-danse-a-propos-galerie-4-125x110.jpg 125w, https:\/\/www.qualidanse.fr\/wp-inside\/uploads\/sites\/24\/2019\/06\/qualidanse-marque-temps-danse-a-propos-galerie-4-250x220.jpg 250w, https:\/\/www.qualidanse.fr\/wp-inside\/uploads\/sites\/24\/2019\/06\/qualidanse-marque-temps-danse-a-propos-galerie-4-114x100.jpg 114w, https:\/\/www.qualidanse.fr\/wp-inside\/uploads\/sites\/24\/2019\/06\/qualidanse-marque-temps-danse-a-propos-galerie-4-330x290.jpg 330w, https:\/\/www.qualidanse.fr\/wp-inside\/uploads\/sites\/24\/2019\/06\/qualidanse-marque-temps-danse-a-propos-galerie-4-200x176.jpg 200w, https:\/\/www.qualidanse.fr\/wp-inside\/uploads\/sites\/24\/2019\/06\/qualidanse-marque-temps-danse-a-propos-galerie-4-171x150.jpg 171w, https:\/\/www.qualidanse.fr\/wp-inside\/uploads\/sites\/24\/2019\/06\/qualidanse-marque-temps-danse-a-propos-galerie-4-260x230.jpg 260w, https:\/\/www.qualidanse.fr\/wp-inside\/uploads\/sites\/24\/2019\/06\/qualidanse-marque-temps-danse-a-propos-galerie-4.jpg 700w\" sizes=\"auto, (max-width: 300px) 100vw, 300px\" \/><\/a>\n\t\t\t<\/dt><\/dl><dl class='gallery-item'>\n\t\t\t<dt class='gallery-icon landscape'>\n\t\t\t\t<a href='https:\/\/www.qualidanse.fr\/wp-inside\/uploads\/sites\/24\/2019\/06\/qualidanse-marque-temps-danse-a-propos-galerie-5.jpg'><img loading=\"lazy\" decoding=\"async\" width=\"300\" height=\"264\" src=\"https:\/\/www.qualidanse.fr\/wp-inside\/uploads\/sites\/24\/2019\/06\/qualidanse-marque-temps-danse-a-propos-galerie-5-300x264.jpg\" class=\"attachment-medium size-medium\" alt=\"Temps Danse\" srcset=\"https:\/\/www.qualidanse.fr\/wp-inside\/uploads\/sites\/24\/2019\/06\/qualidanse-marque-temps-danse-a-propos-galerie-5-300x263.jpg 300w, https:\/\/www.qualidanse.fr\/wp-inside\/uploads\/sites\/24\/2019\/06\/qualidanse-marque-temps-danse-a-propos-galerie-5-125x110.jpg 125w, https:\/\/www.qualidanse.fr\/wp-inside\/uploads\/sites\/24\/2019\/06\/qualidanse-marque-temps-danse-a-propos-galerie-5-250x220.jpg 250w, https:\/\/www.qualidanse.fr\/wp-inside\/uploads\/sites\/24\/2019\/06\/qualidanse-marque-temps-danse-a-propos-galerie-5-114x100.jpg 114w, https:\/\/www.qualidanse.fr\/wp-inside\/uploads\/sites\/24\/2019\/06\/qualidanse-marque-temps-danse-a-propos-galerie-5-330x290.jpg 330w, https:\/\/www.qualidanse.fr\/wp-inside\/uploads\/sites\/24\/2019\/06\/qualidanse-marque-temps-danse-a-propos-galerie-5-200x176.jpg 200w, https:\/\/www.qualidanse.fr\/wp-inside\/uploads\/sites\/24\/2019\/06\/qualidanse-marque-temps-danse-a-propos-galerie-5-171x150.jpg 171w, https:\/\/www.qualidanse.fr\/wp-inside\/uploads\/sites\/24\/2019\/06\/qualidanse-marque-temps-danse-a-propos-galerie-5-260x230.jpg 260w, https:\/\/www.qualidanse.fr\/wp-inside\/uploads\/sites\/24\/2019\/06\/qualidanse-marque-temps-danse-a-propos-galerie-5.jpg 700w\" sizes=\"auto, (max-width: 300px) 100vw, 300px\" \/><\/a>\n\t\t\t<\/dt><\/dl><br style=\"clear: both\" \/>\n\t\t<\/div>\n\n","protected":false},"excerpt":{"rendered":"<p>Depuis 1983, Temps Danse a pour valeur principale le bien-\u00eatre de la femme qu\u2019elle soit danseuse professionnelle ou amateur, pratiquante de yoga, de pilates ou bien fan de fitness. Nos [&hellip;]<\/p>\n","protected":false},"author":3,"featured_media":0,"parent":0,"menu_order":0,"comment_status":"closed","ping_status":"closed","template":"","meta":{"_acf_changed":false,"footnotes":""},"class_list":["post-9","page","type-page","status-publish","hentry","wp-sticky"],"acf":[],"yoast_head":"<!-- This site is optimized with the Yoast SEO plugin v27.6 - https:\/\/yoast.com\/product\/yoast-seo-wordpress\/ -->\n<title>La marque | Tenues de danse Femmes<\/title>\n<meta name=\"description\" content=\"Marque fran\u00e7aise, Temps Danse cr\u00e9\u00e9 des v\u00eatements de danse pour femmes, hommes &amp; enfants depuis 1983. Confort, technicit\u00e9, f\u00e9minit\u00e9 et modernit\u00e9 !\" \/>\n<meta name=\"robots\" content=\"index, follow, max-snippet:-1, max-image-preview:large, max-video-preview:-1\" \/>\n<link rel=\"canonical\" href=\"https:\/\/www.qualidanse.fr\/marque-temps-danse\/a-propos\/\" \/>\n<meta property=\"og:locale\" content=\"fr_FR\" \/>\n<meta property=\"og:type\" content=\"article\" \/>\n<meta property=\"og:title\" content=\"La marque | Tenues de danse Femmes\" \/>\n<meta property=\"og:description\" content=\"Marque fran\u00e7aise, Temps Danse cr\u00e9\u00e9 des v\u00eatements de danse pour femmes, hommes &amp; enfants depuis 1983. Confort, technicit\u00e9, f\u00e9minit\u00e9 et modernit\u00e9 !\" \/>\n<meta property=\"og:url\" content=\"https:\/\/www.qualidanse.fr\/marque-temps-danse\/a-propos\/\" \/>\n<meta property=\"og:site_name\" content=\"Temps Danse\" \/>\n<meta property=\"article:modified_time\" content=\"2024-02-29T16:47:51+00:00\" \/>\n<meta property=\"og:image\" content=\"https:\/\/www.qualidanse.fr\/wp-inside\/uploads\/sites\/24\/2019\/06\/qualidanse-marque-temps-danse-a-propos-galerie-1-300x264.jpg\" \/>\n<meta name=\"twitter:card\" content=\"summary_large_image\" \/>\n<meta name=\"twitter:label1\" content=\"Dur\u00e9e de lecture estim\u00e9e\" \/>\n\t<meta name=\"twitter:data1\" content=\"2 minutes\" \/>\n<script type=\"application\/ld+json\" class=\"yoast-schema-graph\">{\"@context\":\"https:\\\/\\\/schema.org\",\"@graph\":[{\"@type\":\"WebPage\",\"@id\":\"https:\\\/\\\/www.qualidanse.fr\\\/marque-temps-danse\\\/a-propos\\\/\",\"url\":\"https:\\\/\\\/www.qualidanse.fr\\\/marque-temps-danse\\\/a-propos\\\/\",\"name\":\"La marque | Tenues de danse Femmes\",\"isPartOf\":{\"@id\":\"https:\\\/\\\/www.qualidanse.fr\\\/marque-temps-danse\\\/#website\"},\"datePublished\":\"2019-06-06T13:13:26+00:00\",\"dateModified\":\"2024-02-29T16:47:51+00:00\",\"description\":\"Marque fran\u00e7aise, Temps Danse cr\u00e9\u00e9 des v\u00eatements de danse pour femmes, hommes & enfants depuis 1983. Confort, technicit\u00e9, f\u00e9minit\u00e9 et modernit\u00e9 !\",\"inLanguage\":\"fr-FR\",\"potentialAction\":[{\"@type\":\"ReadAction\",\"target\":[\"https:\\\/\\\/www.qualidanse.fr\\\/marque-temps-danse\\\/a-propos\\\/\"]}]},{\"@type\":\"WebSite\",\"@id\":\"https:\\\/\\\/www.qualidanse.fr\\\/marque-temps-danse\\\/#website\",\"url\":\"https:\\\/\\\/www.qualidanse.fr\\\/marque-temps-danse\\\/\",\"name\":\"Temps Danse\",\"description\":\"\",\"potentialAction\":[{\"@type\":\"SearchAction\",\"target\":{\"@type\":\"EntryPoint\",\"urlTemplate\":\"https:\\\/\\\/www.qualidanse.fr\\\/marque-temps-danse\\\/?s={search_term_string}\"},\"query-input\":{\"@type\":\"PropertyValueSpecification\",\"valueRequired\":true,\"valueName\":\"search_term_string\"}}],\"inLanguage\":\"fr-FR\"}]}<\/script>\n<!-- \/ Yoast SEO plugin. -->","yoast_head_json":{"title":"La marque | Tenues de danse Femmes","description":"Marque fran\u00e7aise, Temps Danse cr\u00e9\u00e9 des v\u00eatements de danse pour femmes, hommes & enfants depuis 1983. Confort, technicit\u00e9, f\u00e9minit\u00e9 et modernit\u00e9 !","robots":{"index":"index","follow":"follow","max-snippet":"max-snippet:-1","max-image-preview":"max-image-preview:large","max-video-preview":"max-video-preview:-1"},"canonical":"https:\/\/www.qualidanse.fr\/marque-temps-danse\/a-propos\/","og_locale":"fr_FR","og_type":"article","og_title":"La marque | Tenues de danse Femmes","og_description":"Marque fran\u00e7aise, Temps Danse cr\u00e9\u00e9 des v\u00eatements de danse pour femmes, hommes & enfants depuis 1983. Confort, technicit\u00e9, f\u00e9minit\u00e9 et modernit\u00e9 !","og_url":"https:\/\/www.qualidanse.fr\/marque-temps-danse\/a-propos\/","og_site_name":"Temps Danse","article_modified_time":"2024-02-29T16:47:51+00:00","og_image":[{"url":"https:\/\/www.qualidanse.fr\/wp-inside\/uploads\/sites\/24\/2019\/06\/qualidanse-marque-temps-danse-a-propos-galerie-1-300x264.jpg","type":"","width":"","height":""}],"twitter_card":"summary_large_image","twitter_misc":{"Dur\u00e9e de lecture estim\u00e9e":"2 minutes"},"schema":{"@context":"https:\/\/schema.org","@graph":[{"@type":"WebPage","@id":"https:\/\/www.qualidanse.fr\/marque-temps-danse\/a-propos\/","url":"https:\/\/www.qualidanse.fr\/marque-temps-danse\/a-propos\/","name":"La marque | Tenues de danse Femmes","isPartOf":{"@id":"https:\/\/www.qualidanse.fr\/marque-temps-danse\/#website"},"datePublished":"2019-06-06T13:13:26+00:00","dateModified":"2024-02-29T16:47:51+00:00","description":"Marque fran\u00e7aise, Temps Danse cr\u00e9\u00e9 des v\u00eatements de danse pour femmes, hommes & enfants depuis 1983. Confort, technicit\u00e9, f\u00e9minit\u00e9 et modernit\u00e9 !","inLanguage":"fr-FR","potentialAction":[{"@type":"ReadAction","target":["https:\/\/www.qualidanse.fr\/marque-temps-danse\/a-propos\/"]}]},{"@type":"WebSite","@id":"https:\/\/www.qualidanse.fr\/marque-temps-danse\/#website","url":"https:\/\/www.qualidanse.fr\/marque-temps-danse\/","name":"Temps Danse","description":"","potentialAction":[{"@type":"SearchAction","target":{"@type":"EntryPoint","urlTemplate":"https:\/\/www.qualidanse.fr\/marque-temps-danse\/?s={search_term_string}"},"query-input":{"@type":"PropertyValueSpecification","valueRequired":true,"valueName":"search_term_string"}}],"inLanguage":"fr-FR"}]}},"_links":{"self":[{"href":"https:\/\/www.qualidanse.fr\/marque-temps-danse\/wp-json\/wp\/v2\/pages\/9","targetHints":{"allow":["GET"]}}],"collection":[{"href":"https:\/\/www.qualidanse.fr\/marque-temps-danse\/wp-json\/wp\/v2\/pages"}],"about":[{"href":"https:\/\/www.qualidanse.fr\/marque-temps-danse\/wp-json\/wp\/v2\/types\/page"}],"author":[{"embeddable":true,"href":"https:\/\/www.qualidanse.fr\/marque-temps-danse\/wp-json\/wp\/v2\/users\/3"}],"replies":[{"embeddable":true,"href":"https:\/\/www.qualidanse.fr\/marque-temps-danse\/wp-json\/wp\/v2\/comments?post=9"}],"version-history":[{"count":9,"href":"https:\/\/www.qualidanse.fr\/marque-temps-danse\/wp-json\/wp\/v2\/pages\/9\/revisions"}],"predecessor-version":[{"id":124,"href":"https:\/\/www.qualidanse.fr\/marque-temps-danse\/wp-json\/wp\/v2\/pages\/9\/revisions\/124"}],"wp:attachment":[{"href":"https:\/\/www.qualidanse.fr\/marque-temps-danse\/wp-json\/wp\/v2\/media?parent=9"}],"curies":[{"name":"wp","href":"https:\/\/api.w.org\/{rel}","templated":true}]}}